{"version":"1.0","provider_name":"Apple bazar","provider_url":"https:\/\/www.letemsvetemapplem.eu\/bazar","author_name":"Apple bazar","author_url":"https:\/\/www.letemsvetemapplem.eu\/bazar","title":"Prod\u00e1m MAC mini 2018 i7 (3,2\/4,6) model - Apple bazar","type":"rich","width":600,"height":338,"html":"<blockquote class=\"wp-embedded-content\" data-secret=\"c4YQ9Bo6hI\"><a href=\"https:\/\/www.letemsvetemapplem.eu\/bazar\/prodam-mac-mini-2018-i7-32-46-model\/\">Prod\u00e1m MAC mini 2018 i7 (3,2\/4,6) model<\/a><\/blockquote><iframe sandbox=\"allow-scripts\" security=\"restricted\" src=\"https:\/\/www.letemsvetemapplem.eu\/bazar\/prodam-mac-mini-2018-i7-32-46-model\/embed\/#?secret=c4YQ9Bo6hI\" width=\"600\" height=\"338\" title=\"&#8222;Prod\u00e1m MAC mini 2018 i7 (3,2\/4,6) model&#8220; &#8212; Apple bazar\" data-secret=\"c4YQ9Bo6hI\" frameborder=\"0\" marginwidth=\"0\" marginheight=\"0\" scrolling=\"no\" class=\"wp-embedded-content\"><\/iframe><script type=\"text\/javascript\">\n\/* <![CDATA[ *\/\n\/*! This file is auto-generated *\/\n!function(d,l){\"use strict\";l.querySelector&&d.addEventListener&&\"undefined\"!=typeof URL&&(d.wp=d.wp||{},d.wp.receiveEmbedMessage||(d.wp.receiveEmbedMessage=function(e){var t=e.data;if((t||t.secret||t.message||t.value)&&!\/[^a-zA-Z0-9]\/.test(t.secret)){for(var s,r,n,a=l.querySelectorAll('iframe[data-secret=\"'+t.secret+'\"]'),o=l.querySelectorAll('blockquote[data-secret=\"'+t.secret+'\"]'),c=new RegExp(\"^https?:$\",\"i\"),i=0;i<o.length;i++)o[i].style.display=\"none\";for(i=0;i<a.length;i++)s=a[i],e.source===s.contentWindow&&(s.removeAttribute(\"style\"),\"height\"===t.message?(1e3<(r=parseInt(t.value,10))?r=1e3:~~r<200&&(r=200),s.height=r):\"link\"===t.message&&(r=new URL(s.getAttribute(\"src\")),n=new URL(t.value),c.test(n.protocol))&&n.host===r.host&&l.activeElement===s&&(d.top.location.href=t.value))}},d.addEventListener(\"message\",d.wp.receiveEmbedMessage,!1),l.addEventListener(\"DOMContentLoaded\",function(){for(var e,t,s=l.querySelectorAll(\"iframe.wp-embedded-content\"),r=0;r<s.length;r++)(t=(e=s[r]).getAttribute(\"data-secret\"))||(t=Math.random().toString(36).substring(2,12),e.src+=\"#?secret=\"+t,e.setAttribute(\"data-secret\",t)),e.contentWindow.postMessage({message:\"ready\",secret:t},\"*\")},!1)))}(window,document);\n\/\/# sourceURL=https:\/\/www.letemsvetemapplem.eu\/bazar\/wp-includes\/js\/wp-embed.min.js\n\/* ]]> *\/\n<\/script>\n","thumbnail_url":"https:\/\/www.letemsvetemapplem.eu\/bazar\/wp-content\/uploads\/2023\/08\/MAC_mini_A1993_interface.jpg","thumbnail_width":1024,"thumbnail_height":413,"description":"Prod\u00e1m MAC mini 2018 i7 model A1993. Koupem srpen 2019, barva Vesm\u00edrn\u00e1 \u0161e\u010f. Specifikace: MAC mini 2018, procesor Intel Core i7 8700K Coffee Lake (6 jader, 3,2Ghz, boost a\u017e 4.6 GHz) Intel UHD Graphics 630, RAM 8GB DDR4 2666 Mhz, SSD 256 GB, Wi-Fi, HDMI, 6\u00d7 USB 3.2. (Popis interface na obr\u00e1zc\u00edch) Nyn\u00ed nainstalov\u00e1n Mac..."}

Prodám MAC mini 2018 i7 (3,2/4,6) model - Apple bazar

<blockquote class="wp-embedded-content" data-secret="c4YQ9Bo6hI"><a href="https://www.letemsvetemapplem.eu/bazar/prodam-mac-mini-2018-i7-32-46-model/">Prodám MAC mini 2018 i7 (3,2/4,6) model</a></blockquote><iframe sandbox="allow-scripts" security="restricted" src="https://www.letemsvetemapplem.eu/bazar/prodam-mac-mini-2018-i7-32-46-model/embed/#?secret=c4YQ9Bo6hI" width="600" height="338" title="&#8222;Prodám MAC mini 2018 i7 (3,2/4,6) model&#8220; &#8212; Apple bazar" data-secret="c4YQ9Bo6hI" frameborder="0" marginwidth="0" marginheight="0" scrolling="no" class="wp-embedded-content"></iframe><script type="text/javascript">
/* <![CDATA[ */
/*! This file is auto-generated */
!function(d,l){"use strict";l.querySelector&&d.addEventListener&&"undefined"!=typeof URL&&(d.wp=d.wp||{},d.wp.receiveEmbedMessage||(d.wp.receiveEmbedMessage=function(e){var t=e.data;if((t||t.secret||t.message||t.value)&&!/[^a-zA-Z0-9]/.test(t.secret)){for(var s,r,n,a=l.querySelectorAll('iframe[data-secret="'+t.secret+'"]'),o=l.querySelectorAll('blockquote[data-secret="'+t.secret+'"]'),c=new RegExp("^https?:$","i"),i=0;i<o.length;i++)o[i].style.display="none";for(i=0;i<a.length;i++)s=a[i],e.source===s.contentWindow&&(s.removeAttribute("style"),"height"===t.message?(1e3<(r=parseInt(t.value,10))?r=1e3:~~r<200&&(r=200),s.height=r):"link"===t.message&&(r=new URL(s.getAttribute("src")),n=new URL(t.value),c.test(n.protocol))&&n.host===r.host&&l.activeElement===s&&(d.top.location.href=t.value))}},d.addEventListener("message",d.wp.receiveEmbedMessage,!1),l.addEventListener("DOMContentLoaded",function(){for(var e,t,s=l.querySelectorAll("iframe.wp-embedded-content"),r=0;r<s.length;r++)(t=(e=s[r]).getAttribute("data-secret"))||(t=Math.random().toString(36).substring(2,12),e.src+="#?secret="+t,e.setAttribute("data-secret",t)),e.contentWindow.postMessage({message:"ready",secret:t},"*")},!1)))}(window,document);
//# sourceURL=https://www.letemsvetemapplem.eu/bazar/wp-includes/js/wp-embed.min.js
/* ]]> */
</script>

Prodám MAC mini 2018 i7 model A1993. Koupem srpen 2019, barva Vesmírná šeď. Specifikace: MAC mini 2018, procesor Intel Core i7 8700K Coffee Lake (6 jader, 3,2Ghz, boost až 4.6 GHz) Intel UHD Graphics 630, RAM 8GB DDR4 2666 Mhz, SSD 256 GB, Wi-Fi, HDMI, 6× USB 3.2. (Popis interface na obrázcích) Nyní nainstalován Mac...
