{"version":"1.0","provider_name":"Apple bazar","provider_url":"https:\/\/www.letemsvetemapplem.eu\/bazar","author_name":"Apple bazar","author_url":"https:\/\/www.letemsvetemapplem.eu\/bazar","title":"Prod\u00e1m iMac 27&quot;, late 2013, 3TB HDD - Apple bazar","type":"rich","width":600,"height":338,"html":"<blockquote class=\"wp-embedded-content\" data-secret=\"gEinFbFZEy\"><a href=\"https:\/\/www.letemsvetemapplem.eu\/bazar\/prodam-imac-27-late-2013-3tb-hdd\/\">Prod\u00e1m iMac 27&quot;, late 2013, 3TB HDD<\/a><\/blockquote><iframe sandbox=\"allow-scripts\" security=\"restricted\" src=\"https:\/\/www.letemsvetemapplem.eu\/bazar\/prodam-imac-27-late-2013-3tb-hdd\/embed\/#?secret=gEinFbFZEy\" width=\"600\" height=\"338\" title=\"&#8222;Prod\u00e1m iMac 27&quot;, late 2013, 3TB HDD&#8220; &#8212; Apple bazar\" data-secret=\"gEinFbFZEy\" frameborder=\"0\" marginwidth=\"0\" marginheight=\"0\" scrolling=\"no\" class=\"wp-embedded-content\"><\/iframe><script type=\"text\/javascript\">\n\/* <![CDATA[ *\/\n\/*! This file is auto-generated *\/\n!function(d,l){\"use strict\";l.querySelector&&d.addEventListener&&\"undefined\"!=typeof URL&&(d.wp=d.wp||{},d.wp.receiveEmbedMessage||(d.wp.receiveEmbedMessage=function(e){var t=e.data;if((t||t.secret||t.message||t.value)&&!\/[^a-zA-Z0-9]\/.test(t.secret)){for(var s,r,n,a=l.querySelectorAll('iframe[data-secret=\"'+t.secret+'\"]'),o=l.querySelectorAll('blockquote[data-secret=\"'+t.secret+'\"]'),c=new RegExp(\"^https?:$\",\"i\"),i=0;i<o.length;i++)o[i].style.display=\"none\";for(i=0;i<a.length;i++)s=a[i],e.source===s.contentWindow&&(s.removeAttribute(\"style\"),\"height\"===t.message?(1e3<(r=parseInt(t.value,10))?r=1e3:~~r<200&&(r=200),s.height=r):\"link\"===t.message&&(r=new URL(s.getAttribute(\"src\")),n=new URL(t.value),c.test(n.protocol))&&n.host===r.host&&l.activeElement===s&&(d.top.location.href=t.value))}},d.addEventListener(\"message\",d.wp.receiveEmbedMessage,!1),l.addEventListener(\"DOMContentLoaded\",function(){for(var e,t,s=l.querySelectorAll(\"iframe.wp-embedded-content\"),r=0;r<s.length;r++)(t=(e=s[r]).getAttribute(\"data-secret\"))||(t=Math.random().toString(36).substring(2,12),e.src+=\"#?secret=\"+t,e.setAttribute(\"data-secret\",t)),e.contentWindow.postMessage({message:\"ready\",secret:t},\"*\")},!1)))}(window,document);\n\/\/# sourceURL=https:\/\/www.letemsvetemapplem.eu\/bazar\/wp-includes\/js\/wp-embed.min.js\n\/* ]]> *\/\n<\/script>\n","thumbnail_url":"https:\/\/www.letemsvetemapplem.eu\/bazar\/wp-content\/uploads\/2024\/12\/IMG_0004.jpg","thumbnail_width":2016,"thumbnail_height":1512,"description":"V\u0161e bez z\u00e1vad, jen n\u00e1klon monitoru nefunguje (nakl\u00e1n\u00ed se do krajn\u00ed polohy), nutno napevno zajistit v pot\u0159ebn\u00e9 poloze Aktu\u00e1ln\u011b bez probl\u00e9m\u016f provozov\u00e1n s macOS Catalina 10.15.7 Apple USB kl\u00e1vesnici a my\u0161 lze p\u0159idat za cenu dohodou P\u0159ehled hardwaru: Procesor: \u010cty\u0159j\u00e1drov\u00fd Intel Core i5 Rychlost procesoru: 3,2 GHz, \u010dty\u0159j\u00e1drov\u00fd Intel Core i5 Pam\u011b\u0165: 8 GB 1600..."}

Prodám iMac 27&quot;, late 2013, 3TB HDD - Apple bazar

<blockquote class="wp-embedded-content" data-secret="gEinFbFZEy"><a href="https://www.letemsvetemapplem.eu/bazar/prodam-imac-27-late-2013-3tb-hdd/">Prodám iMac 27&quot;, late 2013, 3TB HDD</a></blockquote><iframe sandbox="allow-scripts" security="restricted" src="https://www.letemsvetemapplem.eu/bazar/prodam-imac-27-late-2013-3tb-hdd/embed/#?secret=gEinFbFZEy" width="600" height="338" title="&#8222;Prodám iMac 27&quot;, late 2013, 3TB HDD&#8220; &#8212; Apple bazar" data-secret="gEinFbFZEy" frameborder="0" marginwidth="0" marginheight="0" scrolling="no" class="wp-embedded-content"></iframe><script type="text/javascript">
/* <![CDATA[ */
/*! This file is auto-generated */
!function(d,l){"use strict";l.querySelector&&d.addEventListener&&"undefined"!=typeof URL&&(d.wp=d.wp||{},d.wp.receiveEmbedMessage||(d.wp.receiveEmbedMessage=function(e){var t=e.data;if((t||t.secret||t.message||t.value)&&!/[^a-zA-Z0-9]/.test(t.secret)){for(var s,r,n,a=l.querySelectorAll('iframe[data-secret="'+t.secret+'"]'),o=l.querySelectorAll('blockquote[data-secret="'+t.secret+'"]'),c=new RegExp("^https?:$","i"),i=0;i<o.length;i++)o[i].style.display="none";for(i=0;i<a.length;i++)s=a[i],e.source===s.contentWindow&&(s.removeAttribute("style"),"height"===t.message?(1e3<(r=parseInt(t.value,10))?r=1e3:~~r<200&&(r=200),s.height=r):"link"===t.message&&(r=new URL(s.getAttribute("src")),n=new URL(t.value),c.test(n.protocol))&&n.host===r.host&&l.activeElement===s&&(d.top.location.href=t.value))}},d.addEventListener("message",d.wp.receiveEmbedMessage,!1),l.addEventListener("DOMContentLoaded",function(){for(var e,t,s=l.querySelectorAll("iframe.wp-embedded-content"),r=0;r<s.length;r++)(t=(e=s[r]).getAttribute("data-secret"))||(t=Math.random().toString(36).substring(2,12),e.src+="#?secret="+t,e.setAttribute("data-secret",t)),e.contentWindow.postMessage({message:"ready",secret:t},"*")},!1)))}(window,document);
//# sourceURL=https://www.letemsvetemapplem.eu/bazar/wp-includes/js/wp-embed.min.js
/* ]]> */
</script>

Vše bez závad, jen náklon monitoru nefunguje (naklání se do krajní polohy), nutno napevno zajistit v potřebné poloze Aktuálně bez problémů provozován s macOS Catalina 10.15.7 Apple USB klávesnici a myš lze přidat za cenu dohodou Přehled hardwaru: Procesor: Čtyřjádrový Intel Core i5 Rychlost procesoru: 3,2 GHz, čtyřjádrový Intel Core i5 Paměť: 8 GB 1600...
