{"version":"1.0","provider_name":"Apple bazar","provider_url":"https:\/\/www.letemsvetemapplem.eu\/bazar","author_name":"Apple bazar","author_url":"https:\/\/www.letemsvetemapplem.eu\/bazar","title":"Prod\u00e1m iMac (21,5palcov\u00fd, mid 2011) - Apple bazar","type":"rich","width":600,"height":338,"html":"<blockquote class=\"wp-embedded-content\" data-secret=\"LYDiglBynq\"><a href=\"https:\/\/www.letemsvetemapplem.eu\/bazar\/prodam-imac-215palcovy-mid-2011\/\">Prod\u00e1m iMac (21,5palcov\u00fd, mid 2011)<\/a><\/blockquote><iframe sandbox=\"allow-scripts\" security=\"restricted\" src=\"https:\/\/www.letemsvetemapplem.eu\/bazar\/prodam-imac-215palcovy-mid-2011\/embed\/#?secret=LYDiglBynq\" width=\"600\" height=\"338\" title=\"&#8222;Prod\u00e1m iMac (21,5palcov\u00fd, mid 2011)&#8220; &#8212; Apple bazar\" data-secret=\"LYDiglBynq\" frameborder=\"0\" marginwidth=\"0\" marginheight=\"0\" scrolling=\"no\" class=\"wp-embedded-content\"><\/iframe><script type=\"text\/javascript\">\n\/* <![CDATA[ *\/\n\/*! This file is auto-generated *\/\n!function(d,l){\"use strict\";l.querySelector&&d.addEventListener&&\"undefined\"!=typeof URL&&(d.wp=d.wp||{},d.wp.receiveEmbedMessage||(d.wp.receiveEmbedMessage=function(e){var t=e.data;if((t||t.secret||t.message||t.value)&&!\/[^a-zA-Z0-9]\/.test(t.secret)){for(var s,r,n,a=l.querySelectorAll('iframe[data-secret=\"'+t.secret+'\"]'),o=l.querySelectorAll('blockquote[data-secret=\"'+t.secret+'\"]'),c=new RegExp(\"^https?:$\",\"i\"),i=0;i<o.length;i++)o[i].style.display=\"none\";for(i=0;i<a.length;i++)s=a[i],e.source===s.contentWindow&&(s.removeAttribute(\"style\"),\"height\"===t.message?(1e3<(r=parseInt(t.value,10))?r=1e3:~~r<200&&(r=200),s.height=r):\"link\"===t.message&&(r=new URL(s.getAttribute(\"src\")),n=new URL(t.value),c.test(n.protocol))&&n.host===r.host&&l.activeElement===s&&(d.top.location.href=t.value))}},d.addEventListener(\"message\",d.wp.receiveEmbedMessage,!1),l.addEventListener(\"DOMContentLoaded\",function(){for(var e,t,s=l.querySelectorAll(\"iframe.wp-embedded-content\"),r=0;r<s.length;r++)(t=(e=s[r]).getAttribute(\"data-secret\"))||(t=Math.random().toString(36).substring(2,12),e.src+=\"#?secret=\"+t,e.setAttribute(\"data-secret\",t)),e.contentWindow.postMessage({message:\"ready\",secret:t},\"*\")},!1)))}(window,document);\n\/\/# sourceURL=https:\/\/www.letemsvetemapplem.eu\/bazar\/wp-includes\/js\/wp-embed.min.js\n\/* ]]> *\/\n<\/script>\n","thumbnail_url":"https:\/\/www.letemsvetemapplem.eu\/bazar\/wp-content\/uploads\/2017\/10\/Attachment-1.jpeg","thumbnail_width":1828,"thumbnail_height":1328,"description":"Prod\u00e1m iMac 21,5&quot; (mid 2011) s pocesorem 2.5GHz i5, 12 GB RAM, HDD 500GB SATA, grafika (GPU) AMD Radeon 6750M 512 MB. OS High Sierra. Bez \u0161kr\u00e1banc\u016f a z\u00e1vad, bezprobl\u00e9mov\u00fd, velmi tich\u00fd chod, pou\u017e\u00edv\u00e1no jako dom\u00e1c\u00ed po\u010d\u00edta\u010d. Up\u0159ednost\u0148uji osobn\u00ed odb\u011br s mo\u017enost\u00ed otestov\u00e1n\u00ed stroje."}

Prodám iMac (21,5palcový, mid 2011) - Apple bazar

<blockquote class="wp-embedded-content" data-secret="LYDiglBynq"><a href="https://www.letemsvetemapplem.eu/bazar/prodam-imac-215palcovy-mid-2011/">Prodám iMac (21,5palcový, mid 2011)</a></blockquote><iframe sandbox="allow-scripts" security="restricted" src="https://www.letemsvetemapplem.eu/bazar/prodam-imac-215palcovy-mid-2011/embed/#?secret=LYDiglBynq" width="600" height="338" title="&#8222;Prodám iMac (21,5palcový, mid 2011)&#8220; &#8212; Apple bazar" data-secret="LYDiglBynq" frameborder="0" marginwidth="0" marginheight="0" scrolling="no" class="wp-embedded-content"></iframe><script type="text/javascript">
/* <![CDATA[ */
/*! This file is auto-generated */
!function(d,l){"use strict";l.querySelector&&d.addEventListener&&"undefined"!=typeof URL&&(d.wp=d.wp||{},d.wp.receiveEmbedMessage||(d.wp.receiveEmbedMessage=function(e){var t=e.data;if((t||t.secret||t.message||t.value)&&!/[^a-zA-Z0-9]/.test(t.secret)){for(var s,r,n,a=l.querySelectorAll('iframe[data-secret="'+t.secret+'"]'),o=l.querySelectorAll('blockquote[data-secret="'+t.secret+'"]'),c=new RegExp("^https?:$","i"),i=0;i<o.length;i++)o[i].style.display="none";for(i=0;i<a.length;i++)s=a[i],e.source===s.contentWindow&&(s.removeAttribute("style"),"height"===t.message?(1e3<(r=parseInt(t.value,10))?r=1e3:~~r<200&&(r=200),s.height=r):"link"===t.message&&(r=new URL(s.getAttribute("src")),n=new URL(t.value),c.test(n.protocol))&&n.host===r.host&&l.activeElement===s&&(d.top.location.href=t.value))}},d.addEventListener("message",d.wp.receiveEmbedMessage,!1),l.addEventListener("DOMContentLoaded",function(){for(var e,t,s=l.querySelectorAll("iframe.wp-embedded-content"),r=0;r<s.length;r++)(t=(e=s[r]).getAttribute("data-secret"))||(t=Math.random().toString(36).substring(2,12),e.src+="#?secret="+t,e.setAttribute("data-secret",t)),e.contentWindow.postMessage({message:"ready",secret:t},"*")},!1)))}(window,document);
//# sourceURL=https://www.letemsvetemapplem.eu/bazar/wp-includes/js/wp-embed.min.js
/* ]]> */
</script>

Prodám iMac 21,5&quot; (mid 2011) s pocesorem 2.5GHz i5, 12 GB RAM, HDD 500GB SATA, grafika (GPU) AMD Radeon 6750M 512 MB. OS High Sierra. Bez škrábanců a závad, bezproblémový, velmi tichý chod, používáno jako domácí počítač. Upřednostňuji osobní odběr s možností otestování stroje.
