{"version":"1.0","provider_name":"Apple bazar","provider_url":"https:\/\/www.letemsvetemapplem.eu\/bazar","author_name":"Apple bazar","author_url":"https:\/\/www.letemsvetemapplem.eu\/bazar","title":"MacBook Pro|13| 2020| M1| 16GB| 256GB - Apple bazar","type":"rich","width":600,"height":338,"html":"<blockquote class=\"wp-embedded-content\" data-secret=\"i8EJdaKnJu\"><a href=\"https:\/\/www.letemsvetemapplem.eu\/bazar\/macbook-pro13-2020-m1-16gb-256gb-2\/\">MacBook Pro|13| 2020| M1| 16GB| 256GB<\/a><\/blockquote><iframe sandbox=\"allow-scripts\" security=\"restricted\" src=\"https:\/\/www.letemsvetemapplem.eu\/bazar\/macbook-pro13-2020-m1-16gb-256gb-2\/embed\/#?secret=i8EJdaKnJu\" width=\"600\" height=\"338\" title=\"&#8222;MacBook Pro|13| 2020| M1| 16GB| 256GB&#8220; &#8212; Apple bazar\" data-secret=\"i8EJdaKnJu\" frameborder=\"0\" marginwidth=\"0\" marginheight=\"0\" scrolling=\"no\" class=\"wp-embedded-content\"><\/iframe><script type=\"text\/javascript\">\n\/* <![CDATA[ *\/\n\/*! This file is auto-generated *\/\n!function(d,l){\"use strict\";l.querySelector&&d.addEventListener&&\"undefined\"!=typeof URL&&(d.wp=d.wp||{},d.wp.receiveEmbedMessage||(d.wp.receiveEmbedMessage=function(e){var t=e.data;if((t||t.secret||t.message||t.value)&&!\/[^a-zA-Z0-9]\/.test(t.secret)){for(var s,r,n,a=l.querySelectorAll('iframe[data-secret=\"'+t.secret+'\"]'),o=l.querySelectorAll('blockquote[data-secret=\"'+t.secret+'\"]'),c=new RegExp(\"^https?:$\",\"i\"),i=0;i<o.length;i++)o[i].style.display=\"none\";for(i=0;i<a.length;i++)s=a[i],e.source===s.contentWindow&&(s.removeAttribute(\"style\"),\"height\"===t.message?(1e3<(r=parseInt(t.value,10))?r=1e3:~~r<200&&(r=200),s.height=r):\"link\"===t.message&&(r=new URL(s.getAttribute(\"src\")),n=new URL(t.value),c.test(n.protocol))&&n.host===r.host&&l.activeElement===s&&(d.top.location.href=t.value))}},d.addEventListener(\"message\",d.wp.receiveEmbedMessage,!1),l.addEventListener(\"DOMContentLoaded\",function(){for(var e,t,s=l.querySelectorAll(\"iframe.wp-embedded-content\"),r=0;r<s.length;r++)(t=(e=s[r]).getAttribute(\"data-secret\"))||(t=Math.random().toString(36).substring(2,12),e.src+=\"#?secret=\"+t,e.setAttribute(\"data-secret\",t)),e.contentWindow.postMessage({message:\"ready\",secret:t},\"*\")},!1)))}(window,document);\n\/\/# sourceURL=https:\/\/www.letemsvetemapplem.eu\/bazar\/wp-includes\/js\/wp-embed.min.js\n\/* ]]> *\/\n<\/script>\n","thumbnail_url":"https:\/\/www.letemsvetemapplem.eu\/bazar\/wp-content\/uploads\/2022\/01\/tempImage0NZued-scaled.jpg","thumbnail_width":2560,"thumbnail_height":1920,"description":"Dobr\u00fd den, prod\u00e1m MacBook Pro 13&quot; kupovan\u00fd 25.1.2021 p\u0159es Apple Store, v\u010detn\u011b kompletn\u00edho balen\u00ed a p\u0159\u00edslu\u0161enstv\u00ed (nab\u00edjec\u00ed adapt\u00e9r a kabel).&lt;br \/&gt;&lt;br \/&gt; Konfigurace jak uv\u00e1d\u00edm v titulku, tedy plnohodnotn\u00fd procesor M1 v\u010detn\u011b 8-j\u00e1drov\u00e9 grafick\u00e9 jednotky, dopln\u011bn\u00fd o 16GB opera\u010dn\u00ed pam\u011bti. Syst\u00e9mov\u00fd disk SSD ve velikosti 256GB.&lt;br \/&gt;&lt;br \/&gt; Pou\u017eit\u00fd je minim\u00e1ln\u011b, po dobu distan\u010dn\u00ed v\u00fduky..."}

Dobrý den, prodám MacBook Pro 13&quot; kupovaný 25.1.2021 přes Apple Store, včetně kompletního balení a příslušenství (nabíjecí adaptér a kabel).&lt;br /&gt;&lt;br /&gt; Konfigurace jak uvádím v titulku, tedy plnohodnotný procesor M1 včetně 8-jádrové grafické jednotky, doplněný o 16GB operační paměti. Systémový disk SSD ve velikosti 256GB.&lt;br /&gt;&lt;br /&gt; Použitý je minimálně, po dobu distanční výuky...
