{"version":"1.0","provider_name":"Apple bazar","provider_url":"https:\/\/www.letemsvetemapplem.eu\/bazar","author_name":"Apple bazar","author_url":"https:\/\/www.letemsvetemapplem.eu\/bazar","title":"Macbook Pro (13-inch, Mid 2012) - Apple bazar","type":"rich","width":600,"height":338,"html":"<blockquote class=\"wp-embedded-content\" data-secret=\"OFtPaEvEuP\"><a href=\"https:\/\/www.letemsvetemapplem.eu\/bazar\/macbook-pro-13-inch-mid-2012-2\/\">Macbook Pro (13-inch, Mid 2012)<\/a><\/blockquote><iframe sandbox=\"allow-scripts\" security=\"restricted\" src=\"https:\/\/www.letemsvetemapplem.eu\/bazar\/macbook-pro-13-inch-mid-2012-2\/embed\/#?secret=OFtPaEvEuP\" width=\"600\" height=\"338\" title=\"&#8222;Macbook Pro (13-inch, Mid 2012)&#8220; &#8212; Apple bazar\" data-secret=\"OFtPaEvEuP\" frameborder=\"0\" marginwidth=\"0\" marginheight=\"0\" scrolling=\"no\" class=\"wp-embedded-content\"><\/iframe><script type=\"text\/javascript\">\n\/* <![CDATA[ *\/\n\/*! This file is auto-generated *\/\n!function(d,l){\"use strict\";l.querySelector&&d.addEventListener&&\"undefined\"!=typeof URL&&(d.wp=d.wp||{},d.wp.receiveEmbedMessage||(d.wp.receiveEmbedMessage=function(e){var t=e.data;if((t||t.secret||t.message||t.value)&&!\/[^a-zA-Z0-9]\/.test(t.secret)){for(var s,r,n,a=l.querySelectorAll('iframe[data-secret=\"'+t.secret+'\"]'),o=l.querySelectorAll('blockquote[data-secret=\"'+t.secret+'\"]'),c=new RegExp(\"^https?:$\",\"i\"),i=0;i<o.length;i++)o[i].style.display=\"none\";for(i=0;i<a.length;i++)s=a[i],e.source===s.contentWindow&&(s.removeAttribute(\"style\"),\"height\"===t.message?(1e3<(r=parseInt(t.value,10))?r=1e3:~~r<200&&(r=200),s.height=r):\"link\"===t.message&&(r=new URL(s.getAttribute(\"src\")),n=new URL(t.value),c.test(n.protocol))&&n.host===r.host&&l.activeElement===s&&(d.top.location.href=t.value))}},d.addEventListener(\"message\",d.wp.receiveEmbedMessage,!1),l.addEventListener(\"DOMContentLoaded\",function(){for(var e,t,s=l.querySelectorAll(\"iframe.wp-embedded-content\"),r=0;r<s.length;r++)(t=(e=s[r]).getAttribute(\"data-secret\"))||(t=Math.random().toString(36).substring(2,12),e.src+=\"#?secret=\"+t,e.setAttribute(\"data-secret\",t)),e.contentWindow.postMessage({message:\"ready\",secret:t},\"*\")},!1)))}(window,document);\n\/\/# sourceURL=https:\/\/www.letemsvetemapplem.eu\/bazar\/wp-includes\/js\/wp-embed.min.js\n\/* ]]> *\/\n<\/script>\n","thumbnail_url":"https:\/\/www.letemsvetemapplem.eu\/bazar\/wp-content\/uploads\/2021\/11\/IMG_3420-scaled.jpg","thumbnail_width":2560,"thumbnail_height":1440,"description":"MacBook Pro (13-inch, Mid 2012) MacOS High Siera V z\u00e1\u0159\u00ed 2015 vym\u011bn\u011bn za nov\u00fd kus &#8211; 2,5GHz dvouj\u00e1drov\u00fd Intel Core i5 (p\u0159etaktov\u00e1n\u00ed funkc\u00ed Turbo Boost a\u017e na 3,1 GHz) se 3 MB mezipam\u011bti L3 &#8211; 4 GB pam\u011bti DDR3 1600 MHz &#8211; 13,3palcov\u00e1 \u0161iroko\u00fahl\u00e1 leskl\u00e1 obrazovka s podsv\u00edcen\u00edm LED, 1280 x 800 pixel\u016f &#8211; 250..."}

MacBook Pro (13-inch, Mid 2012) MacOS High Siera V září 2015 vyměněn za nový kus &#8211; 2,5GHz dvoujádrový Intel Core i5 (přetaktování funkcí Turbo Boost až na 3,1 GHz) se 3 MB mezipaměti L3 &#8211; 4 GB paměti DDR3 1600 MHz &#8211; 13,3palcová širokoúhlá lesklá obrazovka s podsvícením LED, 1280 x 800 pixelů &#8211; 250...
