{"version":"1.0","provider_name":"Apple bazar","provider_url":"https:\/\/www.letemsvetemapplem.eu\/bazar","author_name":"Apple bazar","author_url":"https:\/\/www.letemsvetemapplem.eu\/bazar","title":"Mac Mini late 2014 - Apple bazar","type":"rich","width":600,"height":338,"html":"<blockquote class=\"wp-embedded-content\" data-secret=\"irfI0Dqi20\"><a href=\"https:\/\/www.letemsvetemapplem.eu\/bazar\/mac-mini-late-2014-4\/\">Mac Mini late 2014<\/a><\/blockquote><iframe sandbox=\"allow-scripts\" security=\"restricted\" src=\"https:\/\/www.letemsvetemapplem.eu\/bazar\/mac-mini-late-2014-4\/embed\/#?secret=irfI0Dqi20\" width=\"600\" height=\"338\" title=\"&#8222;Mac Mini late 2014&#8220; &#8212; Apple bazar\" data-secret=\"irfI0Dqi20\" frameborder=\"0\" marginwidth=\"0\" marginheight=\"0\" scrolling=\"no\" class=\"wp-embedded-content\"><\/iframe><script type=\"text\/javascript\">\n\/* <![CDATA[ *\/\n\/*! This file is auto-generated *\/\n!function(d,l){\"use strict\";l.querySelector&&d.addEventListener&&\"undefined\"!=typeof URL&&(d.wp=d.wp||{},d.wp.receiveEmbedMessage||(d.wp.receiveEmbedMessage=function(e){var t=e.data;if((t||t.secret||t.message||t.value)&&!\/[^a-zA-Z0-9]\/.test(t.secret)){for(var s,r,n,a=l.querySelectorAll('iframe[data-secret=\"'+t.secret+'\"]'),o=l.querySelectorAll('blockquote[data-secret=\"'+t.secret+'\"]'),c=new RegExp(\"^https?:$\",\"i\"),i=0;i<o.length;i++)o[i].style.display=\"none\";for(i=0;i<a.length;i++)s=a[i],e.source===s.contentWindow&&(s.removeAttribute(\"style\"),\"height\"===t.message?(1e3<(r=parseInt(t.value,10))?r=1e3:~~r<200&&(r=200),s.height=r):\"link\"===t.message&&(r=new URL(s.getAttribute(\"src\")),n=new URL(t.value),c.test(n.protocol))&&n.host===r.host&&l.activeElement===s&&(d.top.location.href=t.value))}},d.addEventListener(\"message\",d.wp.receiveEmbedMessage,!1),l.addEventListener(\"DOMContentLoaded\",function(){for(var e,t,s=l.querySelectorAll(\"iframe.wp-embedded-content\"),r=0;r<s.length;r++)(t=(e=s[r]).getAttribute(\"data-secret\"))||(t=Math.random().toString(36).substring(2,12),e.src+=\"#?secret=\"+t,e.setAttribute(\"data-secret\",t)),e.contentWindow.postMessage({message:\"ready\",secret:t},\"*\")},!1)))}(window,document);\n\/\/# sourceURL=https:\/\/www.letemsvetemapplem.eu\/bazar\/wp-includes\/js\/wp-embed.min.js\n\/* ]]> *\/\n<\/script>\n","thumbnail_url":"https:\/\/www.letemsvetemapplem.eu\/bazar\/wp-content\/uploads\/2017\/06\/mac-mini-2014-gallery4_GEO_CZ.jpeg","thumbnail_width":1950,"thumbnail_height":1070,"description":"Prod\u00e1m Miniho, je to z\u00e1kladn\u00ed model s i5, 4GB RAM a 500GB diskem. Nov\u00fd te\u010fka stoj\u00ed 15490,\u2013. J\u00e1 ho nech\u00e1m za 8999,\u2013. Je v origin\u00e1ln\u00ed krabici, s nap\u00e1jec\u00edm kabelem. V dobr\u00e9m stavu, kr\u00e1sn\u011b funguje. P\u0159i rychl\u00e9m jedn\u00e1n\u00ed nech\u00e1m za 8499,-."}

Prodám Miniho, je to základní model s i5, 4GB RAM a 500GB diskem. Nový teďka stojí 15490,–. Já ho nechám za 8999,–. Je v originální krabici, s napájecím kabelem. V dobrém stavu, krásně funguje. Při rychlém jednání nechám za 8499,-.
