{"version":"1.0","provider_name":"Apple bazar","provider_url":"https:\/\/www.letemsvetemapplem.eu\/bazar","author_name":"Apple bazar","author_url":"https:\/\/www.letemsvetemapplem.eu\/bazar","title":"Mac mini i5 2.6GHz\/8GB\/512GB SSD - Apple bazar","type":"rich","width":600,"height":338,"html":"<blockquote class=\"wp-embedded-content\" data-secret=\"hQfMqbxpHh\"><a href=\"https:\/\/www.letemsvetemapplem.eu\/bazar\/mac-mini-i5-2-6ghz-8gb-512gb-ssd\/\">Mac mini i5 2.6GHz\/8GB\/512GB SSD<\/a><\/blockquote><iframe sandbox=\"allow-scripts\" security=\"restricted\" src=\"https:\/\/www.letemsvetemapplem.eu\/bazar\/mac-mini-i5-2-6ghz-8gb-512gb-ssd\/embed\/#?secret=hQfMqbxpHh\" width=\"600\" height=\"338\" title=\"&#8222;Mac mini i5 2.6GHz\/8GB\/512GB SSD&#8220; &#8212; Apple bazar\" data-secret=\"hQfMqbxpHh\" frameborder=\"0\" marginwidth=\"0\" marginheight=\"0\" scrolling=\"no\" class=\"wp-embedded-content\"><\/iframe><script type=\"text\/javascript\">\n\/* <![CDATA[ *\/\n\/*! This file is auto-generated *\/\n!function(d,l){\"use strict\";l.querySelector&&d.addEventListener&&\"undefined\"!=typeof URL&&(d.wp=d.wp||{},d.wp.receiveEmbedMessage||(d.wp.receiveEmbedMessage=function(e){var t=e.data;if((t||t.secret||t.message||t.value)&&!\/[^a-zA-Z0-9]\/.test(t.secret)){for(var s,r,n,a=l.querySelectorAll('iframe[data-secret=\"'+t.secret+'\"]'),o=l.querySelectorAll('blockquote[data-secret=\"'+t.secret+'\"]'),c=new RegExp(\"^https?:$\",\"i\"),i=0;i<o.length;i++)o[i].style.display=\"none\";for(i=0;i<a.length;i++)s=a[i],e.source===s.contentWindow&&(s.removeAttribute(\"style\"),\"height\"===t.message?(1e3<(r=parseInt(t.value,10))?r=1e3:~~r<200&&(r=200),s.height=r):\"link\"===t.message&&(r=new URL(s.getAttribute(\"src\")),n=new URL(t.value),c.test(n.protocol))&&n.host===r.host&&l.activeElement===s&&(d.top.location.href=t.value))}},d.addEventListener(\"message\",d.wp.receiveEmbedMessage,!1),l.addEventListener(\"DOMContentLoaded\",function(){for(var e,t,s=l.querySelectorAll(\"iframe.wp-embedded-content\"),r=0;r<s.length;r++)(t=(e=s[r]).getAttribute(\"data-secret\"))||(t=Math.random().toString(36).substring(2,12),e.src+=\"#?secret=\"+t,e.setAttribute(\"data-secret\",t)),e.contentWindow.postMessage({message:\"ready\",secret:t},\"*\")},!1)))}(window,document);\n\/\/# sourceURL=https:\/\/www.letemsvetemapplem.eu\/bazar\/wp-includes\/js\/wp-embed.min.js\n\/* ]]> *\/\n<\/script>\n","thumbnail_url":"https:\/\/www.letemsvetemapplem.eu\/bazar\/wp-content\/uploads\/2018\/08\/UNADJUSTEDNONRAW_thumb_2127.jpg","thumbnail_width":1024,"thumbnail_height":1024,"description":"Pred\u00e1m Mac mini i5 (late 2014) 2.6GHz\/8GB\/512GbB SSD pou\u017e\u00edvan\u00e9ho necel\u00e9 dva roky. Zariadenie vyzer\u00e1 ako nov\u00e9! D\u00f4vod predaja je prechod na macbook. Na mac sa u\u017e nevz\u0165ahuje z\u00e1ruka, preto\u017ee harddisc som menil svojpomocne za 512Gb Evo od samsungu. Mac \u0161lape s SSD neskuto\u010dne dobre. LEN OSOBN\u00dd ODBER ! Bratislava alebo Tren\u010d\u00edn"}

Predám Mac mini i5 (late 2014) 2.6GHz/8GB/512GbB SSD používaného necelé dva roky. Zariadenie vyzerá ako nové! Dôvod predaja je prechod na macbook. Na mac sa už nevzťahuje záruka, pretože harddisc som menil svojpomocne za 512Gb Evo od samsungu. Mac šlape s SSD neskutočne dobre. LEN OSOBNÝ ODBER ! Bratislava alebo Trenčín
