{"version":"1.0","provider_name":"Apple bazar","provider_url":"https:\/\/www.letemsvetemapplem.eu\/bazar","author_name":"Apple bazar","author_url":"https:\/\/www.letemsvetemapplem.eu\/bazar","title":"Mac mini 2018, i5-\u0161estijadro, 256gb ssd - Apple bazar","type":"rich","width":600,"height":338,"html":"<blockquote class=\"wp-embedded-content\" data-secret=\"q02JZTg1VY\"><a href=\"https:\/\/www.letemsvetemapplem.eu\/bazar\/mac-mini-2018-i5-sestijadro-256gb-ssd\/\">Mac mini 2018, i5-\u0161estijadro, 256gb ssd<\/a><\/blockquote><iframe sandbox=\"allow-scripts\" security=\"restricted\" src=\"https:\/\/www.letemsvetemapplem.eu\/bazar\/mac-mini-2018-i5-sestijadro-256gb-ssd\/embed\/#?secret=q02JZTg1VY\" width=\"600\" height=\"338\" title=\"&#8222;Mac mini 2018, i5-\u0161estijadro, 256gb ssd&#8220; &#8212; Apple bazar\" data-secret=\"q02JZTg1VY\" frameborder=\"0\" marginwidth=\"0\" marginheight=\"0\" scrolling=\"no\" class=\"wp-embedded-content\"><\/iframe><script type=\"text\/javascript\">\n\/* <![CDATA[ *\/\n\/*! This file is auto-generated *\/\n!function(d,l){\"use strict\";l.querySelector&&d.addEventListener&&\"undefined\"!=typeof URL&&(d.wp=d.wp||{},d.wp.receiveEmbedMessage||(d.wp.receiveEmbedMessage=function(e){var t=e.data;if((t||t.secret||t.message||t.value)&&!\/[^a-zA-Z0-9]\/.test(t.secret)){for(var s,r,n,a=l.querySelectorAll('iframe[data-secret=\"'+t.secret+'\"]'),o=l.querySelectorAll('blockquote[data-secret=\"'+t.secret+'\"]'),c=new RegExp(\"^https?:$\",\"i\"),i=0;i<o.length;i++)o[i].style.display=\"none\";for(i=0;i<a.length;i++)s=a[i],e.source===s.contentWindow&&(s.removeAttribute(\"style\"),\"height\"===t.message?(1e3<(r=parseInt(t.value,10))?r=1e3:~~r<200&&(r=200),s.height=r):\"link\"===t.message&&(r=new URL(s.getAttribute(\"src\")),n=new URL(t.value),c.test(n.protocol))&&n.host===r.host&&l.activeElement===s&&(d.top.location.href=t.value))}},d.addEventListener(\"message\",d.wp.receiveEmbedMessage,!1),l.addEventListener(\"DOMContentLoaded\",function(){for(var e,t,s=l.querySelectorAll(\"iframe.wp-embedded-content\"),r=0;r<s.length;r++)(t=(e=s[r]).getAttribute(\"data-secret\"))||(t=Math.random().toString(36).substring(2,12),e.src+=\"#?secret=\"+t,e.setAttribute(\"data-secret\",t)),e.contentWindow.postMessage({message:\"ready\",secret:t},\"*\")},!1)))}(window,document);\n\/\/# sourceURL=https:\/\/www.letemsvetemapplem.eu\/bazar\/wp-includes\/js\/wp-embed.min.js\n\/* ]]> *\/\n<\/script>\n","thumbnail_url":"https:\/\/www.letemsvetemapplem.eu\/bazar\/wp-content\/uploads\/2021\/02\/IMG_3968-scaled.jpg","thumbnail_width":2560,"thumbnail_height":1920,"description":"Prod\u00e1m z\u00e1novn\u00ed mac mini 2018 kupovan\u00fd v alze viz foto. 6-j\u00e1drov\u00fd procesor Intel i5 3,0@4,1GHz, 8GB ram DDR4 &#8211; lze upgradovat a\u017e na 64GB, 256GB SSD. Je v super stavu nikde ani \u0161kr\u00e1bane\u010dek. Jedn\u00e1 se o un\u00e1hlenou koupi, pot\u0159ebuji macbook na p\u0159en\u00e1\u0161en\u00ed &#8211; jinak bych neprod\u00e1val. Zkou\u0161ena eGPU a r\u00e1zem z mac mini hern\u00ed po\u010d\u00edta\u010d..."}

Mac mini 2018, i5-šestijadro, 256gb ssd - Apple bazar

<blockquote class="wp-embedded-content" data-secret="q02JZTg1VY"><a href="https://www.letemsvetemapplem.eu/bazar/mac-mini-2018-i5-sestijadro-256gb-ssd/">Mac mini 2018, i5-šestijadro, 256gb ssd</a></blockquote><iframe sandbox="allow-scripts" security="restricted" src="https://www.letemsvetemapplem.eu/bazar/mac-mini-2018-i5-sestijadro-256gb-ssd/embed/#?secret=q02JZTg1VY" width="600" height="338" title="&#8222;Mac mini 2018, i5-šestijadro, 256gb ssd&#8220; &#8212; Apple bazar" data-secret="q02JZTg1VY" frameborder="0" marginwidth="0" marginheight="0" scrolling="no" class="wp-embedded-content"></iframe><script type="text/javascript">
/* <![CDATA[ */
/*! This file is auto-generated */
!function(d,l){"use strict";l.querySelector&&d.addEventListener&&"undefined"!=typeof URL&&(d.wp=d.wp||{},d.wp.receiveEmbedMessage||(d.wp.receiveEmbedMessage=function(e){var t=e.data;if((t||t.secret||t.message||t.value)&&!/[^a-zA-Z0-9]/.test(t.secret)){for(var s,r,n,a=l.querySelectorAll('iframe[data-secret="'+t.secret+'"]'),o=l.querySelectorAll('blockquote[data-secret="'+t.secret+'"]'),c=new RegExp("^https?:$","i"),i=0;i<o.length;i++)o[i].style.display="none";for(i=0;i<a.length;i++)s=a[i],e.source===s.contentWindow&&(s.removeAttribute("style"),"height"===t.message?(1e3<(r=parseInt(t.value,10))?r=1e3:~~r<200&&(r=200),s.height=r):"link"===t.message&&(r=new URL(s.getAttribute("src")),n=new URL(t.value),c.test(n.protocol))&&n.host===r.host&&l.activeElement===s&&(d.top.location.href=t.value))}},d.addEventListener("message",d.wp.receiveEmbedMessage,!1),l.addEventListener("DOMContentLoaded",function(){for(var e,t,s=l.querySelectorAll("iframe.wp-embedded-content"),r=0;r<s.length;r++)(t=(e=s[r]).getAttribute("data-secret"))||(t=Math.random().toString(36).substring(2,12),e.src+="#?secret="+t,e.setAttribute("data-secret",t)),e.contentWindow.postMessage({message:"ready",secret:t},"*")},!1)))}(window,document);
//# sourceURL=https://www.letemsvetemapplem.eu/bazar/wp-includes/js/wp-embed.min.js
/* ]]> */
</script>

Prodám zánovní mac mini 2018 kupovaný v alze viz foto. 6-jádrový procesor Intel i5 3,0@4,1GHz, 8GB ram DDR4 &#8211; lze upgradovat až na 64GB, 256GB SSD. Je v super stavu nikde ani škrábaneček. Jedná se o unáhlenou koupi, potřebuji macbook na přenášení &#8211; jinak bych neprodával. Zkoušena eGPU a rázem z mac mini herní počítač...
