{"version":"1.0","provider_name":"Apple bazar","provider_url":"https:\/\/www.letemsvetemapplem.eu\/bazar","author_name":"Apple bazar","author_url":"https:\/\/www.letemsvetemapplem.eu\/bazar","title":"iMac 27 mid 2010 + Led Monitor 27&quot; - Apple bazar","type":"rich","width":600,"height":338,"html":"<blockquote class=\"wp-embedded-content\" data-secret=\"HjcPZXJG9l\"><a href=\"https:\/\/www.letemsvetemapplem.eu\/bazar\/imac-27-mid-2010-led-monitor-27\/\">iMac 27 mid 2010 + Led Monitor 27&quot;<\/a><\/blockquote><iframe sandbox=\"allow-scripts\" security=\"restricted\" src=\"https:\/\/www.letemsvetemapplem.eu\/bazar\/imac-27-mid-2010-led-monitor-27\/embed\/#?secret=HjcPZXJG9l\" width=\"600\" height=\"338\" title=\"&#8222;iMac 27 mid 2010 + Led Monitor 27&quot;&#8220; &#8212; Apple bazar\" data-secret=\"HjcPZXJG9l\" frameborder=\"0\" marginwidth=\"0\" marginheight=\"0\" scrolling=\"no\" class=\"wp-embedded-content\"><\/iframe><script type=\"text\/javascript\">\n\/* <![CDATA[ *\/\n\/*! This file is auto-generated *\/\n!function(d,l){\"use strict\";l.querySelector&&d.addEventListener&&\"undefined\"!=typeof URL&&(d.wp=d.wp||{},d.wp.receiveEmbedMessage||(d.wp.receiveEmbedMessage=function(e){var t=e.data;if((t||t.secret||t.message||t.value)&&!\/[^a-zA-Z0-9]\/.test(t.secret)){for(var s,r,n,a=l.querySelectorAll('iframe[data-secret=\"'+t.secret+'\"]'),o=l.querySelectorAll('blockquote[data-secret=\"'+t.secret+'\"]'),c=new RegExp(\"^https?:$\",\"i\"),i=0;i<o.length;i++)o[i].style.display=\"none\";for(i=0;i<a.length;i++)s=a[i],e.source===s.contentWindow&&(s.removeAttribute(\"style\"),\"height\"===t.message?(1e3<(r=parseInt(t.value,10))?r=1e3:~~r<200&&(r=200),s.height=r):\"link\"===t.message&&(r=new URL(s.getAttribute(\"src\")),n=new URL(t.value),c.test(n.protocol))&&n.host===r.host&&l.activeElement===s&&(d.top.location.href=t.value))}},d.addEventListener(\"message\",d.wp.receiveEmbedMessage,!1),l.addEventListener(\"DOMContentLoaded\",function(){for(var e,t,s=l.querySelectorAll(\"iframe.wp-embedded-content\"),r=0;r<s.length;r++)(t=(e=s[r]).getAttribute(\"data-secret\"))||(t=Math.random().toString(36).substring(2,12),e.src+=\"#?secret=\"+t,e.setAttribute(\"data-secret\",t)),e.contentWindow.postMessage({message:\"ready\",secret:t},\"*\")},!1)))}(window,document);\n\/\/# sourceURL=https:\/\/www.letemsvetemapplem.eu\/bazar\/wp-includes\/js\/wp-embed.min.js\n\/* ]]> *\/\n<\/script>\n","thumbnail_url":"https:\/\/www.letemsvetemapplem.eu\/bazar\/wp-content\/uploads\/2021\/08\/tempImageI1RglQ-scaled.jpg","thumbnail_width":2560,"thumbnail_height":1440,"description":"Nab\u00edz\u00edm k prodeji iMac 27&quot; mid 2010. Je velice svi\u017en\u00fd a spolehliv\u00fd!!! RAM 16GB, Pam\u011b\u0165 3TB HDD &#8211; v\u00edce technick\u00fdch dat najdete na fotce. iMac je ve vynikaj\u00edc\u00edm stavu, ne\u0161pokr\u00e1ban\u00fd nebo jinak poni\u010den\u00fd! Vyu\u017e\u00edval jsem ho na hudbu (Garage Band, Ableton, &#8230;, foto, video (iMovie). Samoz\u0159ejm\u011b i na kancel\u00e1\u0159skou pr\u00e1ci v\u010d.pr\u00e1ce s AutoCad v\u00fdkresy. Krabici..."}

Nabízím k prodeji iMac 27&quot; mid 2010. Je velice svižný a spolehlivý!!! RAM 16GB, Paměť 3TB HDD &#8211; více technických dat najdete na fotce. iMac je ve vynikajícím stavu, nešpokrábaný nebo jinak poničený! Využíval jsem ho na hudbu (Garage Band, Ableton, &#8230;, foto, video (iMovie). Samozřejmě i na kancelářskou práci vč.práce s AutoCad výkresy. Krabici...
