{"version":"1.0","provider_name":"Apple bazar","provider_url":"https:\/\/www.letemsvetemapplem.eu\/bazar","author_name":"Apple bazar","author_url":"https:\/\/www.letemsvetemapplem.eu\/bazar","title":"iMac 27 Late 2013, Top specifikace - Apple bazar","type":"rich","width":600,"height":338,"html":"<blockquote class=\"wp-embedded-content\" data-secret=\"TY0BA8pVKL\"><a href=\"https:\/\/www.letemsvetemapplem.eu\/bazar\/imac-27-late-2013-top-specifikace\/\">iMac 27 Late 2013, Top specifikace<\/a><\/blockquote><iframe sandbox=\"allow-scripts\" security=\"restricted\" src=\"https:\/\/www.letemsvetemapplem.eu\/bazar\/imac-27-late-2013-top-specifikace\/embed\/#?secret=TY0BA8pVKL\" width=\"600\" height=\"338\" title=\"&#8222;iMac 27 Late 2013, Top specifikace&#8220; &#8212; Apple bazar\" data-secret=\"TY0BA8pVKL\" frameborder=\"0\" marginwidth=\"0\" marginheight=\"0\" scrolling=\"no\" class=\"wp-embedded-content\"><\/iframe><script type=\"text\/javascript\">\n\/* <![CDATA[ *\/\n\/*! This file is auto-generated *\/\n!function(d,l){\"use strict\";l.querySelector&&d.addEventListener&&\"undefined\"!=typeof URL&&(d.wp=d.wp||{},d.wp.receiveEmbedMessage||(d.wp.receiveEmbedMessage=function(e){var t=e.data;if((t||t.secret||t.message||t.value)&&!\/[^a-zA-Z0-9]\/.test(t.secret)){for(var s,r,n,a=l.querySelectorAll('iframe[data-secret=\"'+t.secret+'\"]'),o=l.querySelectorAll('blockquote[data-secret=\"'+t.secret+'\"]'),c=new RegExp(\"^https?:$\",\"i\"),i=0;i<o.length;i++)o[i].style.display=\"none\";for(i=0;i<a.length;i++)s=a[i],e.source===s.contentWindow&&(s.removeAttribute(\"style\"),\"height\"===t.message?(1e3<(r=parseInt(t.value,10))?r=1e3:~~r<200&&(r=200),s.height=r):\"link\"===t.message&&(r=new URL(s.getAttribute(\"src\")),n=new URL(t.value),c.test(n.protocol))&&n.host===r.host&&l.activeElement===s&&(d.top.location.href=t.value))}},d.addEventListener(\"message\",d.wp.receiveEmbedMessage,!1),l.addEventListener(\"DOMContentLoaded\",function(){for(var e,t,s=l.querySelectorAll(\"iframe.wp-embedded-content\"),r=0;r<s.length;r++)(t=(e=s[r]).getAttribute(\"data-secret\"))||(t=Math.random().toString(36).substring(2,12),e.src+=\"#?secret=\"+t,e.setAttribute(\"data-secret\",t)),e.contentWindow.postMessage({message:\"ready\",secret:t},\"*\")},!1)))}(window,document);\n\/\/# sourceURL=https:\/\/www.letemsvetemapplem.eu\/bazar\/wp-includes\/js\/wp-embed.min.js\n\/* ]]> *\/\n<\/script>\n","thumbnail_url":"https:\/\/www.letemsvetemapplem.eu\/bazar\/wp-content\/uploads\/2022\/09\/IMG_20220901_160420-scaled.jpg","thumbnail_width":2560,"thumbnail_height":1920,"description":"Dobr\u00fd den, prod\u00e1m iMac 27 late 2013 v nejvy\u0161\u0161\u00ed konfiguraci. iMac je ve velmi p\u011bkn\u00e9m stavu, na spodn\u00edch roz\u00edch je p\u00e1r men\u0161\u00edch od\u011brek, ale nen\u00ed to nic hrozn\u00e9ho. Displej je bez \u0161kr\u00e1banc\u016f. Jedinou nev\u00fdhodou je n\u011bmeck\u00e1 kl\u00e1vesnice, kter\u00e1 je v\u0161ak nastaven\u00e1 na \u010de\u0161tinu. V p\u0159\u00edpad\u011b z\u00e1jmu ho m\u016f\u017eu prodat i za ni\u017e\u0161\u00ed cenu bez kl\u00e1vesnice...."}

Dobrý den, prodám iMac 27 late 2013 v nejvyšší konfiguraci. iMac je ve velmi pěkném stavu, na spodních rozích je pár menších oděrek, ale není to nic hrozného. Displej je bez škrábanců. Jedinou nevýhodou je německá klávesnice, která je však nastavená na češtinu. V případě zájmu ho můžu prodat i za nižší cenu bez klávesnice....
