{"version":"1.0","provider_name":"Apple bazar","provider_url":"https:\/\/www.letemsvetemapplem.eu\/bazar","author_name":"Apple bazar","author_url":"https:\/\/www.letemsvetemapplem.eu\/bazar","title":"iMac 27 (late 2013) - Apple bazar","type":"rich","width":600,"height":338,"html":"<blockquote class=\"wp-embedded-content\" data-secret=\"r3PWP0CiqK\"><a href=\"https:\/\/www.letemsvetemapplem.eu\/bazar\/imac-27-late-2013\/\">iMac 27 (late 2013)<\/a><\/blockquote><iframe sandbox=\"allow-scripts\" security=\"restricted\" src=\"https:\/\/www.letemsvetemapplem.eu\/bazar\/imac-27-late-2013\/embed\/#?secret=r3PWP0CiqK\" width=\"600\" height=\"338\" title=\"&#8222;iMac 27 (late 2013)&#8220; &#8212; Apple bazar\" data-secret=\"r3PWP0CiqK\" frameborder=\"0\" marginwidth=\"0\" marginheight=\"0\" scrolling=\"no\" class=\"wp-embedded-content\"><\/iframe><script type=\"text\/javascript\">\n\/* <![CDATA[ *\/\n\/*! This file is auto-generated *\/\n!function(d,l){\"use strict\";l.querySelector&&d.addEventListener&&\"undefined\"!=typeof URL&&(d.wp=d.wp||{},d.wp.receiveEmbedMessage||(d.wp.receiveEmbedMessage=function(e){var t=e.data;if((t||t.secret||t.message||t.value)&&!\/[^a-zA-Z0-9]\/.test(t.secret)){for(var s,r,n,a=l.querySelectorAll('iframe[data-secret=\"'+t.secret+'\"]'),o=l.querySelectorAll('blockquote[data-secret=\"'+t.secret+'\"]'),c=new RegExp(\"^https?:$\",\"i\"),i=0;i<o.length;i++)o[i].style.display=\"none\";for(i=0;i<a.length;i++)s=a[i],e.source===s.contentWindow&&(s.removeAttribute(\"style\"),\"height\"===t.message?(1e3<(r=parseInt(t.value,10))?r=1e3:~~r<200&&(r=200),s.height=r):\"link\"===t.message&&(r=new URL(s.getAttribute(\"src\")),n=new URL(t.value),c.test(n.protocol))&&n.host===r.host&&l.activeElement===s&&(d.top.location.href=t.value))}},d.addEventListener(\"message\",d.wp.receiveEmbedMessage,!1),l.addEventListener(\"DOMContentLoaded\",function(){for(var e,t,s=l.querySelectorAll(\"iframe.wp-embedded-content\"),r=0;r<s.length;r++)(t=(e=s[r]).getAttribute(\"data-secret\"))||(t=Math.random().toString(36).substring(2,12),e.src+=\"#?secret=\"+t,e.setAttribute(\"data-secret\",t)),e.contentWindow.postMessage({message:\"ready\",secret:t},\"*\")},!1)))}(window,document);\n\/\/# sourceURL=https:\/\/www.letemsvetemapplem.eu\/bazar\/wp-includes\/js\/wp-embed.min.js\n\/* ]]> *\/\n<\/script>\n","thumbnail_url":"https:\/\/www.letemsvetemapplem.eu\/bazar\/wp-content\/uploads\/2016\/06\/6276987537.jpeg","thumbnail_width":600,"thumbnail_height":600,"description":"!!TOP STAV!! tel. 720 561 185 Nab\u00edz\u00edm k prodeji iMac 27 (late 2013) koupeno 25.2.2014 v iStyle v Praze. V sou\u010dasn\u00e9 dob\u011b je naprosto nevyu\u017e\u00edt\u00fd a proto tento v\u00fdkonn\u00fd a spolehliv\u00fd stroj prod\u00e1v\u00e1m. V cen\u011b je origin\u00e1ln\u00ed balen\u00ed a bezdr\u00e1tov\u00e1 kl\u00e1vesnice a my\u0161. preferuji osobn\u00ed p\u0159ed\u00e1n\u00ed v Praze, r\u00e1d iMac p\u0159edvedu a p\u0159iprav\u00fdm k prvn\u00edmu..."}

!!TOP STAV!! tel. 720 561 185 Nabízím k prodeji iMac 27 (late 2013) koupeno 25.2.2014 v iStyle v Praze. V současné době je naprosto nevyužítý a proto tento výkonný a spolehlivý stroj prodávám. V ceně je originální balení a bezdrátová klávesnice a myš. preferuji osobní předání v Praze, rád iMac předvedu a připravým k prvnímu...
