{"version":"1.0","provider_name":"Apple bazar","provider_url":"https:\/\/www.letemsvetemapplem.eu\/bazar","author_name":"Apple bazar","author_url":"https:\/\/www.letemsvetemapplem.eu\/bazar","title":"iMac 27&quot; Late 2012 roz\u0161\u00ed\u0159en\u00e1 konfigurace - Apple bazar","type":"rich","width":600,"height":338,"html":"<blockquote class=\"wp-embedded-content\" data-secret=\"2M7CzwNMWW\"><a href=\"https:\/\/www.letemsvetemapplem.eu\/bazar\/imac-27-late-2012-rozsirena-konfigurace-2\/\">iMac 27&quot; Late 2012 roz\u0161\u00ed\u0159en\u00e1 konfigurace<\/a><\/blockquote><iframe sandbox=\"allow-scripts\" security=\"restricted\" src=\"https:\/\/www.letemsvetemapplem.eu\/bazar\/imac-27-late-2012-rozsirena-konfigurace-2\/embed\/#?secret=2M7CzwNMWW\" width=\"600\" height=\"338\" title=\"&#8222;iMac 27&quot; Late 2012 roz\u0161\u00ed\u0159en\u00e1 konfigurace&#8220; &#8212; Apple bazar\" data-secret=\"2M7CzwNMWW\" frameborder=\"0\" marginwidth=\"0\" marginheight=\"0\" scrolling=\"no\" class=\"wp-embedded-content\"><\/iframe><script type=\"text\/javascript\">\n\/* <![CDATA[ *\/\n\/*! This file is auto-generated *\/\n!function(d,l){\"use strict\";l.querySelector&&d.addEventListener&&\"undefined\"!=typeof URL&&(d.wp=d.wp||{},d.wp.receiveEmbedMessage||(d.wp.receiveEmbedMessage=function(e){var t=e.data;if((t||t.secret||t.message||t.value)&&!\/[^a-zA-Z0-9]\/.test(t.secret)){for(var s,r,n,a=l.querySelectorAll('iframe[data-secret=\"'+t.secret+'\"]'),o=l.querySelectorAll('blockquote[data-secret=\"'+t.secret+'\"]'),c=new RegExp(\"^https?:$\",\"i\"),i=0;i<o.length;i++)o[i].style.display=\"none\";for(i=0;i<a.length;i++)s=a[i],e.source===s.contentWindow&&(s.removeAttribute(\"style\"),\"height\"===t.message?(1e3<(r=parseInt(t.value,10))?r=1e3:~~r<200&&(r=200),s.height=r):\"link\"===t.message&&(r=new URL(s.getAttribute(\"src\")),n=new URL(t.value),c.test(n.protocol))&&n.host===r.host&&l.activeElement===s&&(d.top.location.href=t.value))}},d.addEventListener(\"message\",d.wp.receiveEmbedMessage,!1),l.addEventListener(\"DOMContentLoaded\",function(){for(var e,t,s=l.querySelectorAll(\"iframe.wp-embedded-content\"),r=0;r<s.length;r++)(t=(e=s[r]).getAttribute(\"data-secret\"))||(t=Math.random().toString(36).substring(2,12),e.src+=\"#?secret=\"+t,e.setAttribute(\"data-secret\",t)),e.contentWindow.postMessage({message:\"ready\",secret:t},\"*\")},!1)))}(window,document);\n\/\/# sourceURL=https:\/\/www.letemsvetemapplem.eu\/bazar\/wp-includes\/js\/wp-embed.min.js\n\/* ]]> *\/\n<\/script>\n","thumbnail_url":"https:\/\/www.letemsvetemapplem.eu\/bazar\/wp-content\/uploads\/2017\/09\/IMG_3168.jpg","thumbnail_width":3264,"thumbnail_height":2448,"description":"Dobr\u00fd den, Z d\u016fvodu nevyu\u017eit\u00ed prod\u00e1m sv\u016fj Apple iMac 27&quot; Late 2012. Jedn\u00e1 se o roz\u0161\u00ed\u0159enou konfiguraci, tak\u017ee obsahuje procesor Intel Core i7 3,4 GHz, grafickou kartu Geforce GTX 680MX 2048 MB, disk je klasick\u00fd 1TB 5800ot., p\u0159id\u00e1val jsem RAM na maxim\u00e1ln\u00ed po\u010det slot\u016f, tak\u017ee te\u010f je pam\u011b\u0165 24GB 1600 MHz DDR3, macOS Sierra. Po\u010d\u00edta\u010d..."}

iMac 27&quot; Late 2012 rozšířená konfigurace - Apple bazar

<blockquote class="wp-embedded-content" data-secret="2M7CzwNMWW"><a href="https://www.letemsvetemapplem.eu/bazar/imac-27-late-2012-rozsirena-konfigurace-2/">iMac 27&quot; Late 2012 rozšířená konfigurace</a></blockquote><iframe sandbox="allow-scripts" security="restricted" src="https://www.letemsvetemapplem.eu/bazar/imac-27-late-2012-rozsirena-konfigurace-2/embed/#?secret=2M7CzwNMWW" width="600" height="338" title="&#8222;iMac 27&quot; Late 2012 rozšířená konfigurace&#8220; &#8212; Apple bazar" data-secret="2M7CzwNMWW" frameborder="0" marginwidth="0" marginheight="0" scrolling="no" class="wp-embedded-content"></iframe><script type="text/javascript">
/* <![CDATA[ */
/*! This file is auto-generated */
!function(d,l){"use strict";l.querySelector&&d.addEventListener&&"undefined"!=typeof URL&&(d.wp=d.wp||{},d.wp.receiveEmbedMessage||(d.wp.receiveEmbedMessage=function(e){var t=e.data;if((t||t.secret||t.message||t.value)&&!/[^a-zA-Z0-9]/.test(t.secret)){for(var s,r,n,a=l.querySelectorAll('iframe[data-secret="'+t.secret+'"]'),o=l.querySelectorAll('blockquote[data-secret="'+t.secret+'"]'),c=new RegExp("^https?:$","i"),i=0;i<o.length;i++)o[i].style.display="none";for(i=0;i<a.length;i++)s=a[i],e.source===s.contentWindow&&(s.removeAttribute("style"),"height"===t.message?(1e3<(r=parseInt(t.value,10))?r=1e3:~~r<200&&(r=200),s.height=r):"link"===t.message&&(r=new URL(s.getAttribute("src")),n=new URL(t.value),c.test(n.protocol))&&n.host===r.host&&l.activeElement===s&&(d.top.location.href=t.value))}},d.addEventListener("message",d.wp.receiveEmbedMessage,!1),l.addEventListener("DOMContentLoaded",function(){for(var e,t,s=l.querySelectorAll("iframe.wp-embedded-content"),r=0;r<s.length;r++)(t=(e=s[r]).getAttribute("data-secret"))||(t=Math.random().toString(36).substring(2,12),e.src+="#?secret="+t,e.setAttribute("data-secret",t)),e.contentWindow.postMessage({message:"ready",secret:t},"*")},!1)))}(window,document);
//# sourceURL=https://www.letemsvetemapplem.eu/bazar/wp-includes/js/wp-embed.min.js
/* ]]> */
</script>

Dobrý den, Z důvodu nevyužití prodám svůj Apple iMac 27&quot; Late 2012. Jedná se o rozšířenou konfiguraci, takže obsahuje procesor Intel Core i7 3,4 GHz, grafickou kartu Geforce GTX 680MX 2048 MB, disk je klasický 1TB 5800ot., přidával jsem RAM na maximální počet slotů, takže teď je paměť 24GB 1600 MHz DDR3, macOS Sierra. Počítač...
