{"version":"1.0","provider_name":"Apple bazar","provider_url":"https:\/\/www.letemsvetemapplem.eu\/bazar","author_name":"Apple bazar","author_url":"https:\/\/www.letemsvetemapplem.eu\/bazar","title":"iMac 27&quot; 2020, 3,8GHz 8j procesor 512 GB - Apple bazar","type":"rich","width":600,"height":338,"html":"<blockquote class=\"wp-embedded-content\" data-secret=\"vinFCV6mQ2\"><a href=\"https:\/\/www.letemsvetemapplem.eu\/bazar\/imac-27-2020-38ghz-8j-procesor-512-gb\/\">iMac 27&quot; 2020, 3,8GHz 8j procesor 512 GB<\/a><\/blockquote><iframe sandbox=\"allow-scripts\" security=\"restricted\" src=\"https:\/\/www.letemsvetemapplem.eu\/bazar\/imac-27-2020-38ghz-8j-procesor-512-gb\/embed\/#?secret=vinFCV6mQ2\" width=\"600\" height=\"338\" title=\"&#8222;iMac 27&quot; 2020, 3,8GHz 8j procesor 512 GB&#8220; &#8212; Apple bazar\" data-secret=\"vinFCV6mQ2\" frameborder=\"0\" marginwidth=\"0\" marginheight=\"0\" scrolling=\"no\" class=\"wp-embedded-content\"><\/iframe><script type=\"text\/javascript\">\n\/* <![CDATA[ *\/\n\/*! This file is auto-generated *\/\n!function(d,l){\"use strict\";l.querySelector&&d.addEventListener&&\"undefined\"!=typeof URL&&(d.wp=d.wp||{},d.wp.receiveEmbedMessage||(d.wp.receiveEmbedMessage=function(e){var t=e.data;if((t||t.secret||t.message||t.value)&&!\/[^a-zA-Z0-9]\/.test(t.secret)){for(var s,r,n,a=l.querySelectorAll('iframe[data-secret=\"'+t.secret+'\"]'),o=l.querySelectorAll('blockquote[data-secret=\"'+t.secret+'\"]'),c=new RegExp(\"^https?:$\",\"i\"),i=0;i<o.length;i++)o[i].style.display=\"none\";for(i=0;i<a.length;i++)s=a[i],e.source===s.contentWindow&&(s.removeAttribute(\"style\"),\"height\"===t.message?(1e3<(r=parseInt(t.value,10))?r=1e3:~~r<200&&(r=200),s.height=r):\"link\"===t.message&&(r=new URL(s.getAttribute(\"src\")),n=new URL(t.value),c.test(n.protocol))&&n.host===r.host&&l.activeElement===s&&(d.top.location.href=t.value))}},d.addEventListener(\"message\",d.wp.receiveEmbedMessage,!1),l.addEventListener(\"DOMContentLoaded\",function(){for(var e,t,s=l.querySelectorAll(\"iframe.wp-embedded-content\"),r=0;r<s.length;r++)(t=(e=s[r]).getAttribute(\"data-secret\"))||(t=Math.random().toString(36).substring(2,12),e.src+=\"#?secret=\"+t,e.setAttribute(\"data-secret\",t)),e.contentWindow.postMessage({message:\"ready\",secret:t},\"*\")},!1)))}(window,document);\n\/\/# sourceURL=https:\/\/www.letemsvetemapplem.eu\/bazar\/wp-includes\/js\/wp-embed.min.js\n\/* ]]> *\/\n<\/script>\n","thumbnail_url":"https:\/\/www.letemsvetemapplem.eu\/bazar\/wp-content\/uploads\/2022\/07\/IMG_0056-scaled.jpeg","thumbnail_width":1920,"thumbnail_height":2560,"description":"Dobr\u00fd den, nab\u00edz\u00edm k prodeji iMac 27&quot; 2020, 3,8GHz 8j\u00e1drov\u00fd procesor, 512 GB SSD, 8 GB RAM (u tohoto modelu lze upgradovat RAM), grafika AMD Radeon Pro 5500 XT 8 GB. Vyu\u017e\u00edv\u00e1n doma, tud\u00ed\u017e jako nov\u00fd, s ve\u0161ker\u00fdm p\u0159\u00edslu\u0161enstv\u00edm, v\u010detn\u011b origin\u00e1ln\u00ed krabice. Kupov\u00e1n v iStyle na I\u010cO, tud\u00ed\u017e je ji\u017e bez z\u00e1ruky. Preferuji osobn\u00ed odb\u011br..."}

Dobrý den, nabízím k prodeji iMac 27&quot; 2020, 3,8GHz 8jádrový procesor, 512 GB SSD, 8 GB RAM (u tohoto modelu lze upgradovat RAM), grafika AMD Radeon Pro 5500 XT 8 GB. Využíván doma, tudíž jako nový, s veškerým příslušenstvím, včetně originální krabice. Kupován v iStyle na IČO, tudíž je již bez záruky. Preferuji osobní odběr...
