{"version":"1.0","provider_name":"Apple bazar","provider_url":"https:\/\/www.letemsvetemapplem.eu\/bazar","author_name":"Apple bazar","author_url":"https:\/\/www.letemsvetemapplem.eu\/bazar","title":"iMac 27 2017 Radeon 575 PRO 16GB - Apple bazar","type":"rich","width":600,"height":338,"html":"<blockquote class=\"wp-embedded-content\" data-secret=\"p4kj9JE1Wg\"><a href=\"https:\/\/www.letemsvetemapplem.eu\/bazar\/imac-27-2017-radeon-575-pro-16gb\/\">iMac 27 2017 Radeon 575 PRO 16GB<\/a><\/blockquote><iframe sandbox=\"allow-scripts\" security=\"restricted\" src=\"https:\/\/www.letemsvetemapplem.eu\/bazar\/imac-27-2017-radeon-575-pro-16gb\/embed\/#?secret=p4kj9JE1Wg\" width=\"600\" height=\"338\" title=\"&#8222;iMac 27 2017 Radeon 575 PRO 16GB&#8220; &#8212; Apple bazar\" data-secret=\"p4kj9JE1Wg\" frameborder=\"0\" marginwidth=\"0\" marginheight=\"0\" scrolling=\"no\" class=\"wp-embedded-content\"><\/iframe><script type=\"text\/javascript\">\n\/* <![CDATA[ *\/\n\/*! This file is auto-generated *\/\n!function(d,l){\"use strict\";l.querySelector&&d.addEventListener&&\"undefined\"!=typeof URL&&(d.wp=d.wp||{},d.wp.receiveEmbedMessage||(d.wp.receiveEmbedMessage=function(e){var t=e.data;if((t||t.secret||t.message||t.value)&&!\/[^a-zA-Z0-9]\/.test(t.secret)){for(var s,r,n,a=l.querySelectorAll('iframe[data-secret=\"'+t.secret+'\"]'),o=l.querySelectorAll('blockquote[data-secret=\"'+t.secret+'\"]'),c=new RegExp(\"^https?:$\",\"i\"),i=0;i<o.length;i++)o[i].style.display=\"none\";for(i=0;i<a.length;i++)s=a[i],e.source===s.contentWindow&&(s.removeAttribute(\"style\"),\"height\"===t.message?(1e3<(r=parseInt(t.value,10))?r=1e3:~~r<200&&(r=200),s.height=r):\"link\"===t.message&&(r=new URL(s.getAttribute(\"src\")),n=new URL(t.value),c.test(n.protocol))&&n.host===r.host&&l.activeElement===s&&(d.top.location.href=t.value))}},d.addEventListener(\"message\",d.wp.receiveEmbedMessage,!1),l.addEventListener(\"DOMContentLoaded\",function(){for(var e,t,s=l.querySelectorAll(\"iframe.wp-embedded-content\"),r=0;r<s.length;r++)(t=(e=s[r]).getAttribute(\"data-secret\"))||(t=Math.random().toString(36).substring(2,12),e.src+=\"#?secret=\"+t,e.setAttribute(\"data-secret\",t)),e.contentWindow.postMessage({message:\"ready\",secret:t},\"*\")},!1)))}(window,document);\n\/\/# sourceURL=https:\/\/www.letemsvetemapplem.eu\/bazar\/wp-includes\/js\/wp-embed.min.js\n\/* ]]> *\/\n<\/script>\n","thumbnail_url":"https:\/\/www.letemsvetemapplem.eu\/bazar\/wp-content\/uploads\/2020\/02\/115416868.jpg","thumbnail_width":490,"thumbnail_height":490,"description":"Prod\u00e1m Model: iMac Barva: St\u0159\u00edbrn\u00e1 Opera\u010dn\u00ed syst\u00e9m: macOS Catalina Procesor: Intel\u00ae Core i5 3,5 GHz (Turbo Boost a\u017e 4,1 GHz) Display: 27palcov\u00fd (\u00fahlop\u0159\u00ed\u010dn\u011b) Retina 5K displej,Rozli\u0161en\u00ed 5120 \u00d7 2880 s podporou miliardy barev Grafika: AMD Radeon Pro 575 se 4 GB pam\u011bti VRAM Pevn\u00fd disk: 1 TB Fusion Drive Optick\u00e1 mechanika: Bez optick\u00e9 mechaniky Pam\u011b\u0165:..."}

Prodám Model: iMac Barva: Stříbrná Operační systém: macOS Catalina Procesor: Intel® Core i5 3,5 GHz (Turbo Boost až 4,1 GHz) Display: 27palcový (úhlopříčně) Retina 5K displej,Rozlišení 5120 × 2880 s podporou miliardy barev Grafika: AMD Radeon Pro 575 se 4 GB paměti VRAM Pevný disk: 1 TB Fusion Drive Optická mechanika: Bez optické mechaniky Paměť:...
