{"version":"1.0","provider_name":"Apple bazar","provider_url":"https:\/\/www.letemsvetemapplem.eu\/bazar","author_name":"Apple bazar","author_url":"https:\/\/www.letemsvetemapplem.eu\/bazar","title":"iMac 27\u201d 2011, 16GB RAM, 1TB SSD, GPU - Apple bazar","type":"rich","width":600,"height":338,"html":"<blockquote class=\"wp-embedded-content\" data-secret=\"4HfRraxnpu\"><a href=\"https:\/\/www.letemsvetemapplem.eu\/bazar\/imac-27-2011-16gb-ram-1tb-ssd-gpu\/\">iMac 27\u201d 2011, 16GB RAM, 1TB SSD, GPU<\/a><\/blockquote><iframe sandbox=\"allow-scripts\" security=\"restricted\" src=\"https:\/\/www.letemsvetemapplem.eu\/bazar\/imac-27-2011-16gb-ram-1tb-ssd-gpu\/embed\/#?secret=4HfRraxnpu\" width=\"600\" height=\"338\" title=\"&#8222;iMac 27\u201d 2011, 16GB RAM, 1TB SSD, GPU&#8220; &#8212; Apple bazar\" data-secret=\"4HfRraxnpu\" frameborder=\"0\" marginwidth=\"0\" marginheight=\"0\" scrolling=\"no\" class=\"wp-embedded-content\"><\/iframe><script type=\"text\/javascript\">\n\/* <![CDATA[ *\/\n\/*! This file is auto-generated *\/\n!function(d,l){\"use strict\";l.querySelector&&d.addEventListener&&\"undefined\"!=typeof URL&&(d.wp=d.wp||{},d.wp.receiveEmbedMessage||(d.wp.receiveEmbedMessage=function(e){var t=e.data;if((t||t.secret||t.message||t.value)&&!\/[^a-zA-Z0-9]\/.test(t.secret)){for(var s,r,n,a=l.querySelectorAll('iframe[data-secret=\"'+t.secret+'\"]'),o=l.querySelectorAll('blockquote[data-secret=\"'+t.secret+'\"]'),c=new RegExp(\"^https?:$\",\"i\"),i=0;i<o.length;i++)o[i].style.display=\"none\";for(i=0;i<a.length;i++)s=a[i],e.source===s.contentWindow&&(s.removeAttribute(\"style\"),\"height\"===t.message?(1e3<(r=parseInt(t.value,10))?r=1e3:~~r<200&&(r=200),s.height=r):\"link\"===t.message&&(r=new URL(s.getAttribute(\"src\")),n=new URL(t.value),c.test(n.protocol))&&n.host===r.host&&l.activeElement===s&&(d.top.location.href=t.value))}},d.addEventListener(\"message\",d.wp.receiveEmbedMessage,!1),l.addEventListener(\"DOMContentLoaded\",function(){for(var e,t,s=l.querySelectorAll(\"iframe.wp-embedded-content\"),r=0;r<s.length;r++)(t=(e=s[r]).getAttribute(\"data-secret\"))||(t=Math.random().toString(36).substring(2,12),e.src+=\"#?secret=\"+t,e.setAttribute(\"data-secret\",t)),e.contentWindow.postMessage({message:\"ready\",secret:t},\"*\")},!1)))}(window,document);\n\/\/# sourceURL=https:\/\/www.letemsvetemapplem.eu\/bazar\/wp-includes\/js\/wp-embed.min.js\n\/* ]]> *\/\n<\/script>\n","thumbnail_url":"https:\/\/www.letemsvetemapplem.eu\/bazar\/wp-content\/uploads\/2024\/01\/01-6-scaled.jpg","thumbnail_width":2560,"thumbnail_height":1920,"description":"iMac 27\u201d Mid 2011, 16GB pam\u011b\u0165, nov\u00fd 1TB SSD HDD Samsung EVO 870 disk a v\u00fdkonn\u00e1 grafick\u00e1 karta AMD Polaris s 2 GB pam\u011bt\u00ed s podporou nov\u00fdch MacOS syst\u00e9m\u016f. Nejrychlej\u0161\u00ed model iMac edice Mid 2011, d\u00edky procesoru Intel i7 s taktem 3.4 GHz. Je to iMac s tlust\u00fdm r\u00e1me\u010dkem, kter\u00fd lze je\u0161t\u011b v budoucnu upgradovat...."}

iMac 27” Mid 2011, 16GB paměť, nový 1TB SSD HDD Samsung EVO 870 disk a výkonná grafická karta AMD Polaris s 2 GB pamětí s podporou nových MacOS systémů. Nejrychlejší model iMac edice Mid 2011, díky procesoru Intel i7 s taktem 3.4 GHz. Je to iMac s tlustým rámečkem, který lze ještě v budoucnu upgradovat....
