{"version":"1.0","provider_name":"Apple bazar","provider_url":"https:\/\/www.letemsvetemapplem.eu\/bazar","author_name":"Apple bazar","author_url":"https:\/\/www.letemsvetemapplem.eu\/bazar","title":"iMac 27, 16GB RAM, SSD500, 2013, z\u00e1ruka - Apple bazar","type":"rich","width":600,"height":338,"html":"<blockquote class=\"wp-embedded-content\" data-secret=\"bA4IBs80Ri\"><a href=\"https:\/\/www.letemsvetemapplem.eu\/bazar\/imac-27-16gb-ram-ssd500-2013-zaruka\/\">iMac 27, 16GB RAM, SSD500, 2013, z\u00e1ruka<\/a><\/blockquote><iframe sandbox=\"allow-scripts\" security=\"restricted\" src=\"https:\/\/www.letemsvetemapplem.eu\/bazar\/imac-27-16gb-ram-ssd500-2013-zaruka\/embed\/#?secret=bA4IBs80Ri\" width=\"600\" height=\"338\" title=\"&#8222;iMac 27, 16GB RAM, SSD500, 2013, z\u00e1ruka&#8220; &#8212; Apple bazar\" data-secret=\"bA4IBs80Ri\" frameborder=\"0\" marginwidth=\"0\" marginheight=\"0\" scrolling=\"no\" class=\"wp-embedded-content\"><\/iframe><script type=\"text\/javascript\">\n\/* <![CDATA[ *\/\n\/*! This file is auto-generated *\/\n!function(d,l){\"use strict\";l.querySelector&&d.addEventListener&&\"undefined\"!=typeof URL&&(d.wp=d.wp||{},d.wp.receiveEmbedMessage||(d.wp.receiveEmbedMessage=function(e){var t=e.data;if((t||t.secret||t.message||t.value)&&!\/[^a-zA-Z0-9]\/.test(t.secret)){for(var s,r,n,a=l.querySelectorAll('iframe[data-secret=\"'+t.secret+'\"]'),o=l.querySelectorAll('blockquote[data-secret=\"'+t.secret+'\"]'),c=new RegExp(\"^https?:$\",\"i\"),i=0;i<o.length;i++)o[i].style.display=\"none\";for(i=0;i<a.length;i++)s=a[i],e.source===s.contentWindow&&(s.removeAttribute(\"style\"),\"height\"===t.message?(1e3<(r=parseInt(t.value,10))?r=1e3:~~r<200&&(r=200),s.height=r):\"link\"===t.message&&(r=new URL(s.getAttribute(\"src\")),n=new URL(t.value),c.test(n.protocol))&&n.host===r.host&&l.activeElement===s&&(d.top.location.href=t.value))}},d.addEventListener(\"message\",d.wp.receiveEmbedMessage,!1),l.addEventListener(\"DOMContentLoaded\",function(){for(var e,t,s=l.querySelectorAll(\"iframe.wp-embedded-content\"),r=0;r<s.length;r++)(t=(e=s[r]).getAttribute(\"data-secret\"))||(t=Math.random().toString(36).substring(2,12),e.src+=\"#?secret=\"+t,e.setAttribute(\"data-secret\",t)),e.contentWindow.postMessage({message:\"ready\",secret:t},\"*\")},!1)))}(window,document);\n\/\/# sourceURL=https:\/\/www.letemsvetemapplem.eu\/bazar\/wp-includes\/js\/wp-embed.min.js\n\/* ]]> *\/\n<\/script>\n","thumbnail_url":"https:\/\/www.letemsvetemapplem.eu\/bazar\/wp-content\/uploads\/2019\/10\/9746098F-C34B-4D64-9E95-33388122A90F.jpeg","thumbnail_width":3264,"thumbnail_height":2448,"description":"Nab\u00edz\u00edm repasovan\u00fd iMac 27 palc\u016f s nov\u00fdm SSD diskem o kapacit\u011b 500 GB, procesor 3,2 GHz Intel Core i5, 16 GB DDR RAM, NVIDIA GeForce GT 755M 1GB, modelov\u00fd rok 2013. iMac m\u00e1 zcela nov\u00fd displej bez jedin\u00e9ho \u0161kr\u00e1bance. Byl zakoupen v obchod\u011b MacParts na Praze 4 a je v z\u00e1ruce do 06\/2020 (z\u00e1ru\u010dn\u00ed list..."}

iMac 27, 16GB RAM, SSD500, 2013, záruka - Apple bazar

<blockquote class="wp-embedded-content" data-secret="bA4IBs80Ri"><a href="https://www.letemsvetemapplem.eu/bazar/imac-27-16gb-ram-ssd500-2013-zaruka/">iMac 27, 16GB RAM, SSD500, 2013, záruka</a></blockquote><iframe sandbox="allow-scripts" security="restricted" src="https://www.letemsvetemapplem.eu/bazar/imac-27-16gb-ram-ssd500-2013-zaruka/embed/#?secret=bA4IBs80Ri" width="600" height="338" title="&#8222;iMac 27, 16GB RAM, SSD500, 2013, záruka&#8220; &#8212; Apple bazar" data-secret="bA4IBs80Ri" frameborder="0" marginwidth="0" marginheight="0" scrolling="no" class="wp-embedded-content"></iframe><script type="text/javascript">
/* <![CDATA[ */
/*! This file is auto-generated */
!function(d,l){"use strict";l.querySelector&&d.addEventListener&&"undefined"!=typeof URL&&(d.wp=d.wp||{},d.wp.receiveEmbedMessage||(d.wp.receiveEmbedMessage=function(e){var t=e.data;if((t||t.secret||t.message||t.value)&&!/[^a-zA-Z0-9]/.test(t.secret)){for(var s,r,n,a=l.querySelectorAll('iframe[data-secret="'+t.secret+'"]'),o=l.querySelectorAll('blockquote[data-secret="'+t.secret+'"]'),c=new RegExp("^https?:$","i"),i=0;i<o.length;i++)o[i].style.display="none";for(i=0;i<a.length;i++)s=a[i],e.source===s.contentWindow&&(s.removeAttribute("style"),"height"===t.message?(1e3<(r=parseInt(t.value,10))?r=1e3:~~r<200&&(r=200),s.height=r):"link"===t.message&&(r=new URL(s.getAttribute("src")),n=new URL(t.value),c.test(n.protocol))&&n.host===r.host&&l.activeElement===s&&(d.top.location.href=t.value))}},d.addEventListener("message",d.wp.receiveEmbedMessage,!1),l.addEventListener("DOMContentLoaded",function(){for(var e,t,s=l.querySelectorAll("iframe.wp-embedded-content"),r=0;r<s.length;r++)(t=(e=s[r]).getAttribute("data-secret"))||(t=Math.random().toString(36).substring(2,12),e.src+="#?secret="+t,e.setAttribute("data-secret",t)),e.contentWindow.postMessage({message:"ready",secret:t},"*")},!1)))}(window,document);
//# sourceURL=https://www.letemsvetemapplem.eu/bazar/wp-includes/js/wp-embed.min.js
/* ]]> */
</script>

Nabízím repasovaný iMac 27 palců s novým SSD diskem o kapacitě 500 GB, procesor 3,2 GHz Intel Core i5, 16 GB DDR RAM, NVIDIA GeForce GT 755M 1GB, modelový rok 2013. iMac má zcela nový displej bez jediného škrábance. Byl zakoupen v obchodě MacParts na Praze 4 a je v záruce do 06/2020 (záruční list...
