{"version":"1.0","provider_name":"Apple bazar","provider_url":"https:\/\/www.letemsvetemapplem.eu\/bazar","author_name":"Apple bazar","author_url":"https:\/\/www.letemsvetemapplem.eu\/bazar","title":"iMac 21,5&quot; 2011 i5,16GB RAM, HDD+SSD - Apple bazar","type":"rich","width":600,"height":338,"html":"<blockquote class=\"wp-embedded-content\" data-secret=\"ksbWQuHrfb\"><a href=\"https:\/\/www.letemsvetemapplem.eu\/bazar\/imac-215-2011-i516gb-ram-hddssd\/\">iMac 21,5&quot; 2011 i5,16GB RAM, HDD+SSD<\/a><\/blockquote><iframe sandbox=\"allow-scripts\" security=\"restricted\" src=\"https:\/\/www.letemsvetemapplem.eu\/bazar\/imac-215-2011-i516gb-ram-hddssd\/embed\/#?secret=ksbWQuHrfb\" width=\"600\" height=\"338\" title=\"&#8222;iMac 21,5&quot; 2011 i5,16GB RAM, HDD+SSD&#8220; &#8212; Apple bazar\" data-secret=\"ksbWQuHrfb\" frameborder=\"0\" marginwidth=\"0\" marginheight=\"0\" scrolling=\"no\" class=\"wp-embedded-content\"><\/iframe><script type=\"text\/javascript\">\n\/* <![CDATA[ *\/\n\/*! This file is auto-generated *\/\n!function(d,l){\"use strict\";l.querySelector&&d.addEventListener&&\"undefined\"!=typeof URL&&(d.wp=d.wp||{},d.wp.receiveEmbedMessage||(d.wp.receiveEmbedMessage=function(e){var t=e.data;if((t||t.secret||t.message||t.value)&&!\/[^a-zA-Z0-9]\/.test(t.secret)){for(var s,r,n,a=l.querySelectorAll('iframe[data-secret=\"'+t.secret+'\"]'),o=l.querySelectorAll('blockquote[data-secret=\"'+t.secret+'\"]'),c=new RegExp(\"^https?:$\",\"i\"),i=0;i<o.length;i++)o[i].style.display=\"none\";for(i=0;i<a.length;i++)s=a[i],e.source===s.contentWindow&&(s.removeAttribute(\"style\"),\"height\"===t.message?(1e3<(r=parseInt(t.value,10))?r=1e3:~~r<200&&(r=200),s.height=r):\"link\"===t.message&&(r=new URL(s.getAttribute(\"src\")),n=new URL(t.value),c.test(n.protocol))&&n.host===r.host&&l.activeElement===s&&(d.top.location.href=t.value))}},d.addEventListener(\"message\",d.wp.receiveEmbedMessage,!1),l.addEventListener(\"DOMContentLoaded\",function(){for(var e,t,s=l.querySelectorAll(\"iframe.wp-embedded-content\"),r=0;r<s.length;r++)(t=(e=s[r]).getAttribute(\"data-secret\"))||(t=Math.random().toString(36).substring(2,12),e.src+=\"#?secret=\"+t,e.setAttribute(\"data-secret\",t)),e.contentWindow.postMessage({message:\"ready\",secret:t},\"*\")},!1)))}(window,document);\n\/\/# sourceURL=https:\/\/www.letemsvetemapplem.eu\/bazar\/wp-includes\/js\/wp-embed.min.js\n\/* ]]> *\/\n<\/script>\n","thumbnail_url":"https:\/\/www.letemsvetemapplem.eu\/bazar\/wp-content\/uploads\/2021\/05\/IMG_5642-scaled.jpg","thumbnail_width":1920,"thumbnail_height":2560,"description":"Nab\u00edz\u00edm iMac z roku 2011 Velikost 21,5&quot; Specifikace: CPU: 2,5GHz i5 RAM: 16GB (2x8GB DDR3 &#8211; 2 sloty je\u0161t\u011b voln\u00e9) GK: AMD Radeon HD6750M 512mb HD: Syst\u00e9mov\u00e9 500GB SSD + 500GB p\u016fvodn\u00ed HDD iMac je pln\u011b funk\u010dn\u00ed. P\u0159ed prodejem byl cel\u00fd rozebr\u00e1n, vy\u010di\u0161t\u011bn a p\u0159epastov\u00e1n. Byl proveden upgrade RAM ze 4GB na 16GB. Pou\u017eil jsem..."}

Nabízím iMac z roku 2011 Velikost 21,5&quot; Specifikace: CPU: 2,5GHz i5 RAM: 16GB (2x8GB DDR3 &#8211; 2 sloty ještě volné) GK: AMD Radeon HD6750M 512mb HD: Systémové 500GB SSD + 500GB původní HDD iMac je plně funkční. Před prodejem byl celý rozebrán, vyčištěn a přepastován. Byl proveden upgrade RAM ze 4GB na 16GB. Použil jsem...
