{"version":"1.0","provider_name":"Apple bazar","provider_url":"https:\/\/www.letemsvetemapplem.eu\/bazar","author_name":"Apple bazar","author_url":"https:\/\/www.letemsvetemapplem.eu\/bazar","title":"iMac 21.5&quot; 2013, i5 2.9Ghz, 8RAM,256SSD - Apple bazar","type":"rich","width":600,"height":338,"html":"<blockquote class=\"wp-embedded-content\" data-secret=\"A7sCfCfB4t\"><a href=\"https:\/\/www.letemsvetemapplem.eu\/bazar\/imac-21-5-2013-i5-2-9ghz-8ram256ssd\/\">iMac 21.5&quot; 2013, i5 2.9Ghz, 8RAM,256SSD<\/a><\/blockquote><iframe sandbox=\"allow-scripts\" security=\"restricted\" src=\"https:\/\/www.letemsvetemapplem.eu\/bazar\/imac-21-5-2013-i5-2-9ghz-8ram256ssd\/embed\/#?secret=A7sCfCfB4t\" width=\"600\" height=\"338\" title=\"&#8222;iMac 21.5&quot; 2013, i5 2.9Ghz, 8RAM,256SSD&#8220; &#8212; Apple bazar\" data-secret=\"A7sCfCfB4t\" frameborder=\"0\" marginwidth=\"0\" marginheight=\"0\" scrolling=\"no\" class=\"wp-embedded-content\"><\/iframe><script type=\"text\/javascript\">\n\/* <![CDATA[ *\/\n\/*! This file is auto-generated *\/\n!function(d,l){\"use strict\";l.querySelector&&d.addEventListener&&\"undefined\"!=typeof URL&&(d.wp=d.wp||{},d.wp.receiveEmbedMessage||(d.wp.receiveEmbedMessage=function(e){var t=e.data;if((t||t.secret||t.message||t.value)&&!\/[^a-zA-Z0-9]\/.test(t.secret)){for(var s,r,n,a=l.querySelectorAll('iframe[data-secret=\"'+t.secret+'\"]'),o=l.querySelectorAll('blockquote[data-secret=\"'+t.secret+'\"]'),c=new RegExp(\"^https?:$\",\"i\"),i=0;i<o.length;i++)o[i].style.display=\"none\";for(i=0;i<a.length;i++)s=a[i],e.source===s.contentWindow&&(s.removeAttribute(\"style\"),\"height\"===t.message?(1e3<(r=parseInt(t.value,10))?r=1e3:~~r<200&&(r=200),s.height=r):\"link\"===t.message&&(r=new URL(s.getAttribute(\"src\")),n=new URL(t.value),c.test(n.protocol))&&n.host===r.host&&l.activeElement===s&&(d.top.location.href=t.value))}},d.addEventListener(\"message\",d.wp.receiveEmbedMessage,!1),l.addEventListener(\"DOMContentLoaded\",function(){for(var e,t,s=l.querySelectorAll(\"iframe.wp-embedded-content\"),r=0;r<s.length;r++)(t=(e=s[r]).getAttribute(\"data-secret\"))||(t=Math.random().toString(36).substring(2,12),e.src+=\"#?secret=\"+t,e.setAttribute(\"data-secret\",t)),e.contentWindow.postMessage({message:\"ready\",secret:t},\"*\")},!1)))}(window,document);\n\/\/# sourceURL=https:\/\/www.letemsvetemapplem.eu\/bazar\/wp-includes\/js\/wp-embed.min.js\n\/* ]]> *\/\n<\/script>\n","thumbnail_url":"https:\/\/www.letemsvetemapplem.eu\/bazar\/wp-content\/uploads\/2021\/01\/Photo-25.01.2021-8-34-30-scaled.jpg","thumbnail_width":1920,"thumbnail_height":2560,"description":"Prod\u00e1m iMac 21.5&quot;, Intel Core i5 2.9Ghz, rok Late 2013, 8GB RAM, 256GB SSD (p\u0159i objedn\u00e1vce upgrade ze standartn\u00edho 1TB HDD), grafika NVIDIA GeForce GT 750M 1GB (p\u0159i objedn\u00e1vce upgrade) ve velmi zachoval\u00e9m stavu. Pou\u017e\u00edv\u00e1n jen doma, posledn\u00ed 2 roky nevyu\u017eit\u00fd. P\u0159ed prodejem bude p\u0159einstalov\u00e1n a odhl\u00e1\u0161en. Origin\u00e1ln\u00ed balen\u00ed \u2013 2 krabice + bezdr\u00e1tov\u00e1 kl\u00e1vesnice..."}

Prodám iMac 21.5&quot;, Intel Core i5 2.9Ghz, rok Late 2013, 8GB RAM, 256GB SSD (při objednávce upgrade ze standartního 1TB HDD), grafika NVIDIA GeForce GT 750M 1GB (při objednávce upgrade) ve velmi zachovalém stavu. Používán jen doma, poslední 2 roky nevyužitý. Před prodejem bude přeinstalován a odhlášen. Originální balení – 2 krabice + bezdrátová klávesnice...
