{"version":"1.0","provider_name":"Apple bazar","provider_url":"https:\/\/www.letemsvetemapplem.eu\/bazar","author_name":"Apple bazar","author_url":"https:\/\/www.letemsvetemapplem.eu\/bazar","title":"Apple iMac Retina 5K, 27 palc\u016f, 2019 - Apple bazar","type":"rich","width":600,"height":338,"html":"<blockquote class=\"wp-embedded-content\" data-secret=\"NDwuz9iCwO\"><a href=\"https:\/\/www.letemsvetemapplem.eu\/bazar\/apple-imac-retina-5k-27-palcu-2019\/\">Apple iMac Retina 5K, 27 palc\u016f, 2019<\/a><\/blockquote><iframe sandbox=\"allow-scripts\" security=\"restricted\" src=\"https:\/\/www.letemsvetemapplem.eu\/bazar\/apple-imac-retina-5k-27-palcu-2019\/embed\/#?secret=NDwuz9iCwO\" width=\"600\" height=\"338\" title=\"&#8222;Apple iMac Retina 5K, 27 palc\u016f, 2019&#8220; &#8212; Apple bazar\" data-secret=\"NDwuz9iCwO\" frameborder=\"0\" marginwidth=\"0\" marginheight=\"0\" scrolling=\"no\" class=\"wp-embedded-content\"><\/iframe><script type=\"text\/javascript\">\n\/* <![CDATA[ *\/\n\/*! This file is auto-generated *\/\n!function(d,l){\"use strict\";l.querySelector&&d.addEventListener&&\"undefined\"!=typeof URL&&(d.wp=d.wp||{},d.wp.receiveEmbedMessage||(d.wp.receiveEmbedMessage=function(e){var t=e.data;if((t||t.secret||t.message||t.value)&&!\/[^a-zA-Z0-9]\/.test(t.secret)){for(var s,r,n,a=l.querySelectorAll('iframe[data-secret=\"'+t.secret+'\"]'),o=l.querySelectorAll('blockquote[data-secret=\"'+t.secret+'\"]'),c=new RegExp(\"^https?:$\",\"i\"),i=0;i<o.length;i++)o[i].style.display=\"none\";for(i=0;i<a.length;i++)s=a[i],e.source===s.contentWindow&&(s.removeAttribute(\"style\"),\"height\"===t.message?(1e3<(r=parseInt(t.value,10))?r=1e3:~~r<200&&(r=200),s.height=r):\"link\"===t.message&&(r=new URL(s.getAttribute(\"src\")),n=new URL(t.value),c.test(n.protocol))&&n.host===r.host&&l.activeElement===s&&(d.top.location.href=t.value))}},d.addEventListener(\"message\",d.wp.receiveEmbedMessage,!1),l.addEventListener(\"DOMContentLoaded\",function(){for(var e,t,s=l.querySelectorAll(\"iframe.wp-embedded-content\"),r=0;r<s.length;r++)(t=(e=s[r]).getAttribute(\"data-secret\"))||(t=Math.random().toString(36).substring(2,12),e.src+=\"#?secret=\"+t,e.setAttribute(\"data-secret\",t)),e.contentWindow.postMessage({message:\"ready\",secret:t},\"*\")},!1)))}(window,document);\n\/\/# sourceURL=https:\/\/www.letemsvetemapplem.eu\/bazar\/wp-includes\/js\/wp-embed.min.js\n\/* ]]> *\/\n<\/script>\n","thumbnail_url":"https:\/\/www.letemsvetemapplem.eu\/bazar\/wp-content\/uploads\/2023\/01\/IMG_3885-scaled.jpeg","thumbnail_width":2560,"thumbnail_height":2560,"description":"Prod\u00e1m Apple iMac Retina 5K, 27 palc\u016f, 2019, procesor 3,7GHz 6j\u00e1drov\u00fd Intel Core i5, grafick\u00e1 karta Radeon Pro 580X 8GB, pam\u011b\u0165 64GB 2667MHz DDR4, HDD 2TB, CZ numerick\u00e1 kl\u00e1vesnice, Magic mouse, stav 9,5\/10 kompletn\u00ed balen\u00ed v\u010detn\u011b krabice. Cena 38.000,-K\u010d, osobn\u00ed p\u0159ed\u00e1n\u00ed Praha."}

Apple iMac Retina 5K, 27 palců, 2019 - Apple bazar

<blockquote class="wp-embedded-content" data-secret="NDwuz9iCwO"><a href="https://www.letemsvetemapplem.eu/bazar/apple-imac-retina-5k-27-palcu-2019/">Apple iMac Retina 5K, 27 palců, 2019</a></blockquote><iframe sandbox="allow-scripts" security="restricted" src="https://www.letemsvetemapplem.eu/bazar/apple-imac-retina-5k-27-palcu-2019/embed/#?secret=NDwuz9iCwO" width="600" height="338" title="&#8222;Apple iMac Retina 5K, 27 palců, 2019&#8220; &#8212; Apple bazar" data-secret="NDwuz9iCwO" frameborder="0" marginwidth="0" marginheight="0" scrolling="no" class="wp-embedded-content"></iframe><script type="text/javascript">
/* <![CDATA[ */
/*! This file is auto-generated */
!function(d,l){"use strict";l.querySelector&&d.addEventListener&&"undefined"!=typeof URL&&(d.wp=d.wp||{},d.wp.receiveEmbedMessage||(d.wp.receiveEmbedMessage=function(e){var t=e.data;if((t||t.secret||t.message||t.value)&&!/[^a-zA-Z0-9]/.test(t.secret)){for(var s,r,n,a=l.querySelectorAll('iframe[data-secret="'+t.secret+'"]'),o=l.querySelectorAll('blockquote[data-secret="'+t.secret+'"]'),c=new RegExp("^https?:$","i"),i=0;i<o.length;i++)o[i].style.display="none";for(i=0;i<a.length;i++)s=a[i],e.source===s.contentWindow&&(s.removeAttribute("style"),"height"===t.message?(1e3<(r=parseInt(t.value,10))?r=1e3:~~r<200&&(r=200),s.height=r):"link"===t.message&&(r=new URL(s.getAttribute("src")),n=new URL(t.value),c.test(n.protocol))&&n.host===r.host&&l.activeElement===s&&(d.top.location.href=t.value))}},d.addEventListener("message",d.wp.receiveEmbedMessage,!1),l.addEventListener("DOMContentLoaded",function(){for(var e,t,s=l.querySelectorAll("iframe.wp-embedded-content"),r=0;r<s.length;r++)(t=(e=s[r]).getAttribute("data-secret"))||(t=Math.random().toString(36).substring(2,12),e.src+="#?secret="+t,e.setAttribute("data-secret",t)),e.contentWindow.postMessage({message:"ready",secret:t},"*")},!1)))}(window,document);
//# sourceURL=https://www.letemsvetemapplem.eu/bazar/wp-includes/js/wp-embed.min.js
/* ]]> */
</script>

Prodám Apple iMac Retina 5K, 27 palců, 2019, procesor 3,7GHz 6jádrový Intel Core i5, grafická karta Radeon Pro 580X 8GB, paměť 64GB 2667MHz DDR4, HDD 2TB, CZ numerická klávesnice, Magic mouse, stav 9,5/10 kompletní balení včetně krabice. Cena 38.000,-Kč, osobní předání Praha.
