{"version":"1.0","provider_name":"Apple bazar","provider_url":"https:\/\/www.letemsvetemapplem.eu\/bazar","author_name":"Apple bazar","author_url":"https:\/\/www.letemsvetemapplem.eu\/bazar","title":"APPLE IMAC \u2013 RETINA 4K 21,5\u201d (NOVINKA) - Apple bazar","type":"rich","width":600,"height":338,"html":"<blockquote class=\"wp-embedded-content\" data-secret=\"pfkefLpIQt\"><a href=\"https:\/\/www.letemsvetemapplem.eu\/bazar\/apple-imac-retina-4k-215-novinka\/\">APPLE IMAC \u2013 RETINA 4K 21,5\u201d (NOVINKA)<\/a><\/blockquote><iframe sandbox=\"allow-scripts\" security=\"restricted\" src=\"https:\/\/www.letemsvetemapplem.eu\/bazar\/apple-imac-retina-4k-215-novinka\/embed\/#?secret=pfkefLpIQt\" width=\"600\" height=\"338\" title=\"&#8222;APPLE IMAC \u2013 RETINA 4K 21,5\u201d (NOVINKA)&#8220; &#8212; Apple bazar\" data-secret=\"pfkefLpIQt\" frameborder=\"0\" marginwidth=\"0\" marginheight=\"0\" scrolling=\"no\" class=\"wp-embedded-content\"><\/iframe><script type=\"text\/javascript\">\n\/* <![CDATA[ *\/\n\/*! This file is auto-generated *\/\n!function(d,l){\"use strict\";l.querySelector&&d.addEventListener&&\"undefined\"!=typeof URL&&(d.wp=d.wp||{},d.wp.receiveEmbedMessage||(d.wp.receiveEmbedMessage=function(e){var t=e.data;if((t||t.secret||t.message||t.value)&&!\/[^a-zA-Z0-9]\/.test(t.secret)){for(var s,r,n,a=l.querySelectorAll('iframe[data-secret=\"'+t.secret+'\"]'),o=l.querySelectorAll('blockquote[data-secret=\"'+t.secret+'\"]'),c=new RegExp(\"^https?:$\",\"i\"),i=0;i<o.length;i++)o[i].style.display=\"none\";for(i=0;i<a.length;i++)s=a[i],e.source===s.contentWindow&&(s.removeAttribute(\"style\"),\"height\"===t.message?(1e3<(r=parseInt(t.value,10))?r=1e3:~~r<200&&(r=200),s.height=r):\"link\"===t.message&&(r=new URL(s.getAttribute(\"src\")),n=new URL(t.value),c.test(n.protocol))&&n.host===r.host&&l.activeElement===s&&(d.top.location.href=t.value))}},d.addEventListener(\"message\",d.wp.receiveEmbedMessage,!1),l.addEventListener(\"DOMContentLoaded\",function(){for(var e,t,s=l.querySelectorAll(\"iframe.wp-embedded-content\"),r=0;r<s.length;r++)(t=(e=s[r]).getAttribute(\"data-secret\"))||(t=Math.random().toString(36).substring(2,12),e.src+=\"#?secret=\"+t,e.setAttribute(\"data-secret\",t)),e.contentWindow.postMessage({message:\"ready\",secret:t},\"*\")},!1)))}(window,document);\n\/\/# sourceURL=https:\/\/www.letemsvetemapplem.eu\/bazar\/wp-includes\/js\/wp-embed.min.js\n\/* ]]> *\/\n<\/script>\n","thumbnail_url":"https:\/\/www.letemsvetemapplem.eu\/bazar\/wp-content\/uploads\/2023\/04\/765871-2.jpg","thumbnail_width":1562,"thumbnail_height":1600,"description":"Je nov\u00fd a p\u0159ich\u00e1z\u00ed s plnou z\u00e1rukou, k dispozici 4 kusy mo\u017enost doru\u010den\u00ed, nesmlouvav\u00fd, \u010dek\u00e1m na va\u0161e nab\u00eddky, technick\u00e9 specifikace: Typ hlavn\u00edho \u00falo\u017ei\u0161t\u011b disku Hlavn\u00ed kapacita disku 1TB Grafick\u00fd procesor AMD Radeon Pro 560X Konektivita HDMI, USB 3.0, USB-C velikost obrazovky 21,5&quot; procesor Intel Core i5 8. gen. Typ stoln\u00edho po\u010d\u00edta\u010de Nejl\u00e9pe se hod\u00ed pro..."}

Je nový a přichází s plnou zárukou, k dispozici 4 kusy možnost doručení, nesmlouvavý, čekám na vaše nabídky, technické specifikace: Typ hlavního úložiště disku Hlavní kapacita disku 1TB Grafický procesor AMD Radeon Pro 560X Konektivita HDMI, USB 3.0, USB-C velikost obrazovky 21,5&quot; procesor Intel Core i5 8. gen. Typ stolního počítače Nejlépe se hodí pro...
