{"version":"1.0","provider_name":"Apple bazar","provider_url":"https:\/\/www.letemsvetemapplem.eu\/bazar","author_name":"Apple bazar","author_url":"https:\/\/www.letemsvetemapplem.eu\/bazar","title":"Apple iMac 27&quot; mid 2011, 16GB RAM, 480GB - Apple bazar","type":"rich","width":600,"height":338,"html":"<blockquote class=\"wp-embedded-content\" data-secret=\"7BkS31SCjA\"><a href=\"https:\/\/www.letemsvetemapplem.eu\/bazar\/apple-imac-27-mid-2011-16gb-ram-480gb\/\">Apple iMac 27&quot; mid 2011, 16GB RAM, 480GB<\/a><\/blockquote><iframe sandbox=\"allow-scripts\" security=\"restricted\" src=\"https:\/\/www.letemsvetemapplem.eu\/bazar\/apple-imac-27-mid-2011-16gb-ram-480gb\/embed\/#?secret=7BkS31SCjA\" width=\"600\" height=\"338\" title=\"&#8222;Apple iMac 27&quot; mid 2011, 16GB RAM, 480GB&#8220; &#8212; Apple bazar\" data-secret=\"7BkS31SCjA\" frameborder=\"0\" marginwidth=\"0\" marginheight=\"0\" scrolling=\"no\" class=\"wp-embedded-content\"><\/iframe><script type=\"text\/javascript\">\n\/* <![CDATA[ *\/\n\/*! This file is auto-generated *\/\n!function(d,l){\"use strict\";l.querySelector&&d.addEventListener&&\"undefined\"!=typeof URL&&(d.wp=d.wp||{},d.wp.receiveEmbedMessage||(d.wp.receiveEmbedMessage=function(e){var t=e.data;if((t||t.secret||t.message||t.value)&&!\/[^a-zA-Z0-9]\/.test(t.secret)){for(var s,r,n,a=l.querySelectorAll('iframe[data-secret=\"'+t.secret+'\"]'),o=l.querySelectorAll('blockquote[data-secret=\"'+t.secret+'\"]'),c=new RegExp(\"^https?:$\",\"i\"),i=0;i<o.length;i++)o[i].style.display=\"none\";for(i=0;i<a.length;i++)s=a[i],e.source===s.contentWindow&&(s.removeAttribute(\"style\"),\"height\"===t.message?(1e3<(r=parseInt(t.value,10))?r=1e3:~~r<200&&(r=200),s.height=r):\"link\"===t.message&&(r=new URL(s.getAttribute(\"src\")),n=new URL(t.value),c.test(n.protocol))&&n.host===r.host&&l.activeElement===s&&(d.top.location.href=t.value))}},d.addEventListener(\"message\",d.wp.receiveEmbedMessage,!1),l.addEventListener(\"DOMContentLoaded\",function(){for(var e,t,s=l.querySelectorAll(\"iframe.wp-embedded-content\"),r=0;r<s.length;r++)(t=(e=s[r]).getAttribute(\"data-secret\"))||(t=Math.random().toString(36).substring(2,12),e.src+=\"#?secret=\"+t,e.setAttribute(\"data-secret\",t)),e.contentWindow.postMessage({message:\"ready\",secret:t},\"*\")},!1)))}(window,document);\n\/\/# sourceURL=https:\/\/www.letemsvetemapplem.eu\/bazar\/wp-includes\/js\/wp-embed.min.js\n\/* ]]> *\/\n<\/script>\n","thumbnail_url":"https:\/\/www.letemsvetemapplem.eu\/bazar\/wp-content\/uploads\/2018\/10\/2018-09-27-13-42-01.jpeg","thumbnail_width":4032,"thumbnail_height":3024,"description":"Prod\u00e1m iMac 27&quot;, mid 2011 s 16 GB RAM, i5 3.1GHz a 480GB SSD&lt;br \/&gt;&lt;br \/&gt;&lt;br \/&gt; Pouze osobn\u00ed p\u0159ed\u00e1n\u00ed Praha, v\u00e1\u017en\u00fd z\u00e1jemce i Brno.&lt;br \/&gt;&lt;br \/&gt; Procesor: 3.1 GHz Intel Core i5&lt;br \/&gt;&lt;br \/&gt;&lt;br \/&gt; Grafick\u00e1 karta: AMD Radeon HD 6970M 1024 MB&lt;br \/&gt;&lt;br \/&gt;&lt;br \/&gt; Rok: mid 2011&lt;br \/&gt;&lt;br \/&gt;&lt;br \/&gt; RAM: 16GB&lt;br..."}

Prodám iMac 27&quot;, mid 2011 s 16 GB RAM, i5 3.1GHz a 480GB SSD&lt;br /&gt;&lt;br /&gt;&lt;br /&gt; Pouze osobní předání Praha, vážný zájemce i Brno.&lt;br /&gt;&lt;br /&gt; Procesor: 3.1 GHz Intel Core i5&lt;br /&gt;&lt;br /&gt;&lt;br /&gt; Grafická karta: AMD Radeon HD 6970M 1024 MB&lt;br /&gt;&lt;br /&gt;&lt;br /&gt; Rok: mid 2011&lt;br /&gt;&lt;br /&gt;&lt;br /&gt; RAM: 16GB&lt;br...
