{"version":"1.0","provider_name":"Apple bazar","provider_url":"https:\/\/www.letemsvetemapplem.eu\/bazar","author_name":"Apple bazar","author_url":"https:\/\/www.letemsvetemapplem.eu\/bazar","title":"Airpods Pro 2022 - Apple bazar","type":"rich","width":600,"height":338,"html":"<blockquote class=\"wp-embedded-content\" data-secret=\"gwf1nWidzM\"><a href=\"https:\/\/www.letemsvetemapplem.eu\/bazar\/airpods-pro-2022-2\/\">Airpods Pro 2022<\/a><\/blockquote><iframe sandbox=\"allow-scripts\" security=\"restricted\" src=\"https:\/\/www.letemsvetemapplem.eu\/bazar\/airpods-pro-2022-2\/embed\/#?secret=gwf1nWidzM\" width=\"600\" height=\"338\" title=\"&#8222;Airpods Pro 2022&#8220; &#8212; Apple bazar\" data-secret=\"gwf1nWidzM\" frameborder=\"0\" marginwidth=\"0\" marginheight=\"0\" scrolling=\"no\" class=\"wp-embedded-content\"><\/iframe><script type=\"text\/javascript\">\n\/* <![CDATA[ *\/\n\/*! This file is auto-generated *\/\n!function(d,l){\"use strict\";l.querySelector&&d.addEventListener&&\"undefined\"!=typeof URL&&(d.wp=d.wp||{},d.wp.receiveEmbedMessage||(d.wp.receiveEmbedMessage=function(e){var t=e.data;if((t||t.secret||t.message||t.value)&&!\/[^a-zA-Z0-9]\/.test(t.secret)){for(var s,r,n,a=l.querySelectorAll('iframe[data-secret=\"'+t.secret+'\"]'),o=l.querySelectorAll('blockquote[data-secret=\"'+t.secret+'\"]'),c=new RegExp(\"^https?:$\",\"i\"),i=0;i<o.length;i++)o[i].style.display=\"none\";for(i=0;i<a.length;i++)s=a[i],e.source===s.contentWindow&&(s.removeAttribute(\"style\"),\"height\"===t.message?(1e3<(r=parseInt(t.value,10))?r=1e3:~~r<200&&(r=200),s.height=r):\"link\"===t.message&&(r=new URL(s.getAttribute(\"src\")),n=new URL(t.value),c.test(n.protocol))&&n.host===r.host&&l.activeElement===s&&(d.top.location.href=t.value))}},d.addEventListener(\"message\",d.wp.receiveEmbedMessage,!1),l.addEventListener(\"DOMContentLoaded\",function(){for(var e,t,s=l.querySelectorAll(\"iframe.wp-embedded-content\"),r=0;r<s.length;r++)(t=(e=s[r]).getAttribute(\"data-secret\"))||(t=Math.random().toString(36).substring(2,12),e.src+=\"#?secret=\"+t,e.setAttribute(\"data-secret\",t)),e.contentWindow.postMessage({message:\"ready\",secret:t},\"*\")},!1)))}(window,document);\n\/\/# sourceURL=https:\/\/www.letemsvetemapplem.eu\/bazar\/wp-includes\/js\/wp-embed.min.js\n\/* ]]> *\/\n<\/script>\n","thumbnail_url":"https:\/\/www.letemsvetemapplem.eu\/bazar\/wp-content\/uploads\/2023\/08\/IMG_20230810_082300-scaled.jpg","thumbnail_width":1920,"thumbnail_height":2560,"description":"Prod\u00e1m pouze vyzkou\u0161en\u00e9 Apple AirPods Pro 2022 kupovene 13.7.2023 v Alze.za 6500. tud\u00ed\u017e, je\u0161t\u011b skoro dva roky v z\u00e1ruce.Pouze osobn\u00ed p\u0159ed\u00e1n\u00ed okol\u00ed Pelh\u0159imov v\u010detn\u011b faktury aktu\u00e1ln\u00ed cena za kterou prod\u00e1m je 3800K\u010d. D\u016fvod prodeje, nesed\u00ed mi."}

Prodám pouze vyzkoušené Apple AirPods Pro 2022 kupovene 13.7.2023 v Alze.za 6500. tudíž, ještě skoro dva roky v záruce.Pouze osobní předání okolí Pelhřimov včetně faktury aktuální cena za kterou prodám je 3800Kč. Důvod prodeje, nesedí mi.
